{"id":832,"date":"2014-05-16T11:33:00","date_gmt":"2014-05-16T15:33:00","guid":{"rendered":"http:\/\/elplandehiram.org\/?page_id=832"},"modified":"2014-08-12T10:16:14","modified_gmt":"2014-08-12T14:16:14","slug":"derecho-constitucional-agosto-2014","status":"publish","type":"page","link":"http:\/\/elplandehiram.org\/?page_id=832","title":{"rendered":"Derecho Constitucional Agosto 2014"},"content":{"rendered":"<p style=\"text-align: center;\"><strong>Prof. Hiram A. Mel\u00e9ndez Juarbe<\/strong><\/p>\n<p style=\"text-align: center;\">DERE 7018<\/p>\n<p><span style=\"color: #ff0000;\"><strong>Nota<\/strong><\/span>: El prontuario del curso <strong>ya est\u00e1<\/strong>\u00a0disponible al final de\u00a0esta p\u00e1gina. \u00a0Aqu\u00ed adem\u00e1s encontrar\u00e1n\u00a0\u00a0(1) los materiales que utilizaremos durante el semestre, (2) la asignaci\u00f3n para nuestra primera reuni\u00f3n, (3) informaci\u00f3n sobre el registro electr\u00f3nico.<\/p>\n<p><strong>Sesiones<\/strong>: \u00a0Martes y Viernes: 1:00pm-2:50pm, Sal\u00f3n L-2<\/p>\n<p><strong>Horas de Oficina: \u00a0<\/strong>Mi\u00e9rcoles 10:00am-5:00pm, por cita.<\/p>\n<h1><span id=\"I-Objetivos\">I. Objetivos<\/span><\/h1>\n<div class=\"page\" title=\"Page 16\">\n<div class=\"layoutArea\">\n<div class=\"column\">\n<p>Estudiaremos las limitaciones y los poderes en las relaciones entre los gobiernos de los estados, el gobierno federal y el Estado Libre Asociado de Puerto Rico a trav\u00e9s de un examen y un estudio comparativo de la jurisprudencia del Tribunal Supremo de los Estados Unidos y del Tribunal Supremo de Puerto Rico. El curso versa fundamentalmente sobre el poder federal para reglamentar el comercio y las limitaciones que la cl\u00e1usula de comercio impone a la reglamentaci\u00f3n econ\u00f3mica de los estados, los poderes generales del Congreso y su interacci\u00f3n con los gobiernos estatales y locales, las limitaciones establecidas por el debido procedimiento de car\u00e1cter sustantivo a las reglamentaciones en el orden econ\u00f3mico y de otra \u00edndole de origen gubernamental, el derecho a la libertad de expresi\u00f3n en el orden pol\u00edtico, la cl\u00e1usula de la igual protecci\u00f3n de las leyes, y la revisi\u00f3n judicial de la acci\u00f3n legislativa.<\/p>\n<\/div>\n<\/div>\n<\/div>\n<h1><span id=\"II-Materiales\">II. Materiales<\/span><\/h1>\n<p>Utilizaremos los siguientes textos y materiales:<\/p>\n<ul>\n<li>Stone, Seidman, Sunstein, Tushnet &amp; Karlan, <strong>Constitutional Law<\/strong> (Seventh Edition, 2013) y Suplemento correspondiente\u00a0<strong>(CL)<\/strong><\/li>\n<li>Jos\u00e9 Juli\u00e1n \u00c1lvarez Gonz\u00e1lez, <strong>Derecho Constitucional de Puerto Rico y Relaciones Constitucionales con los Estados Unidos- Casos y Materiales<\/strong>, Editorial Temis (2009) <strong>(JJAG)<\/strong><\/li>\n<li>Otros materiales\u00a0estar\u00e1n disponibles en\u00a0<strong><a href=\"http:\/\/h2o.law.harvard.edu\/playlists\/9267\">H20<\/a><\/strong>, seg\u00fan se indique en el prontuario. Debe seguir <a href=\"http:\/\/h2o.law.harvard.edu\/playlists\/9267\">este enlace<\/a>\u00a0(algunos materiales se colocar\u00e1n\u00a0durante el semestre).<\/li>\n<\/ul>\n<h1><span id=\"III-Asignacin-Primer-Da-de-Clases\">III. \u00a0Asignaci\u00f3n \u00a0Primer D\u00eda de Clases<\/span><\/h1>\n<ol>\n<li><a href=\"http:\/\/www.ramajudicial.pr\/leyes\/constitucion\/constitucion2.pdf\">Constituci\u00f3n de Puerto Rico<\/a>\u00a0(disponible en JJAG, Ap\u00e9ndice A)<\/li>\n<li>Constituci\u00f3n de Estados Unidos\u00a0(disponible en Const Law, p\u00e1g. xli). Constituci\u00f3n y enmiendas disponibles en estos dos enlaces: <a href=\"http:\/\/www.gpo.gov\/fdsys\/pkg\/GPO-CONAN-1992\/pdf\/GPO-CONAN-1992-6.pdf\">Constituci\u00f3n<\/a>, <a href=\"http:\/\/www.gpo.gov\/fdsys\/pkg\/GPO-CONAN-1992\/pdf\/GPO-CONAN-1992-7.pdf\">Enmiendas<\/a>.<\/li>\n<li>Opini\u00f3n del Tribunal Supremo de Estados Unidos\u00a0<a href=\"http:\/\/www.supremecourt.gov\/opinions\/12pdf\/12-307_6j37.pdf\">UNITED STATES v. WINDSOR,\u00a0570 U. S. ____ (2013)<\/a>\u00a0(solamente Opini\u00f3n del Tribunal por Kennedy, versi\u00f3n <a href=\"http:\/\/www.supremecourt.gov\/opinions\/12pdf\/12-307_6j37.pdf\">original<\/a> no editada).<\/li>\n<\/ol>\n<h1><span id=\"IV-Registro-de-Estudiantes-Agosto-2014\">IV. Registro de Estudiantes Agosto 2014<\/span><\/h1>\n<p><span style=\"color: #ff0000;\">IMPORTANTE<\/span>:\u00a0Antes del primer d\u00eda de clases cada estudiante debe registrarse en el curso utilizando el formulario que se encuentra\u00a0a continuaci\u00f3n.\u00a0El profesor se comunicar\u00e1 con los y las estudiantes a la direcci\u00f3n electr\u00f3nica provista y presumir\u00e1 que estos correos son recibidos y le\u00eddos.<\/p>\n<p><iframe loading=\"lazy\" src=\"https:\/\/docs.google.com\/forms\/d\/1Nj__aw7TTQ0R8eLeHgf5K020tIdlhxZCKCDH2HZRlj0\/viewform?embedded=true\" width=\"760\" height=\"500\" frameborder=\"0\" marginwidth=\"0\" marginheight=\"0\">Loading&#8230;<\/iframe><\/p>\n<h2><span id=\"V-Evaluacin\">V. \u00a0Evaluaci\u00f3n<\/span><\/h2>\n<p>El m\u00e9todo de evaluaci\u00f3n constar\u00e1 de un examen al final del semestre. Para fines de la calificaci\u00f3n final, se tomar\u00e1 en cuenta la asistencia y la participaci\u00f3n informada en clase. Se observar\u00e1n rigurosamente las normas para la otorgaci\u00f3n y remoci\u00f3n de Incompletos (ver cat\u00e1logo de la Escuela de Derecho). Los Incompletos son una excepci\u00f3n y como tal se evaluar\u00e1n.<\/p>\n<h2><span id=\"VI-Necesidades-especiales\">VI. \u00a0\u00a0\u00a0\u00a0 Necesidades especiales<\/span><\/h2>\n<p>De tener necesidades especiales, no dude en comunicarse conmigo personalmente o por v\u00eda electr\u00f3nica para hacer los ajustes necesarios y lograr el acomodo razonable seg\u00fan las normas y reglamentos de la instituci\u00f3n.<\/p>\n<h1><span id=\"VII-Temario-y-Asignaciones\">VII. Temario y Asignaciones<\/span><\/h1>\n<p><iframe loading=\"lazy\" id=\"doc_31837\" class=\"scribd_iframe_embed\" src=\"\/\/www.scribd.com\/embeds\/235966903\/content?start_page=1&amp;view_mode=scroll&amp;access_key=key-qzOzyEZCZOHSB6txttRA&amp;show_recommendations=true\" width=\"100%\" height=\"600\" frameborder=\"0\" scrolling=\"no\" data-auto-height=\"false\" data-aspect-ratio=\"0.7729220222793488\"><\/iframe>   <\/p>\n","protected":false},"excerpt":{"rendered":"<p>Prof. Hiram A. Mel\u00e9ndez Juarbe DERE 7018 Nota: El prontuario del curso ya est\u00e1\u00a0disponible al final de\u00a0esta p\u00e1gina. \u00a0Aqu\u00ed adem\u00e1s encontrar\u00e1n\u00a0\u00a0(1) los materiales que utilizaremos durante el semestre, (2) la asignaci\u00f3n para nuestra primera reuni\u00f3n, (3) informaci\u00f3n sobre el registro electr\u00f3nico. Sesiones: \u00a0Martes y Viernes: 1:00pm-2:50pm, Sal\u00f3n L-2 Horas de Oficina: \u00a0Mi\u00e9rcoles 10:00am-5:00pm, por cita. &hellip; <a href=\"http:\/\/elplandehiram.org\/?page_id=832\" class=\"more-link\">Continue reading <span class=\"screen-reader-text\">Derecho Constitucional Agosto 2014<\/span> <span class=\"meta-nav\">&rarr;<\/span><\/a><\/p>\n","protected":false},"author":1,"featured_media":0,"parent":44,"menu_order":0,"comment_status":"closed","ping_status":"closed","template":"","meta":[],"_links":{"self":[{"href":"http:\/\/elplandehiram.org\/index.php?rest_route=\/wp\/v2\/pages\/832"}],"collection":[{"href":"http:\/\/elplandehiram.org\/index.php?rest_route=\/wp\/v2\/pages"}],"about":[{"href":"http:\/\/elplandehiram.org\/index.php?rest_route=\/wp\/v2\/types\/page"}],"author":[{"embeddable":true,"href":"http:\/\/elplandehiram.org\/index.php?rest_route=\/wp\/v2\/users\/1"}],"replies":[{"embeddable":true,"href":"http:\/\/elplandehiram.org\/index.php?rest_route=%2Fwp%2Fv2%2Fcomments&post=832"}],"version-history":[{"count":14,"href":"http:\/\/elplandehiram.org\/index.php?rest_route=\/wp\/v2\/pages\/832\/revisions"}],"predecessor-version":[{"id":902,"href":"http:\/\/elplandehiram.org\/index.php?rest_route=\/wp\/v2\/pages\/832\/revisions\/902"}],"up":[{"embeddable":true,"href":"http:\/\/elplandehiram.org\/index.php?rest_route=\/wp\/v2\/pages\/44"}],"wp:attachment":[{"href":"http:\/\/elplandehiram.org\/index.php?rest_route=%2Fwp%2Fv2%2Fmedia&parent=832"}],"curies":[{"name":"wp","href":"https:\/\/api.w.org\/{rel}","templated":true}]}}

<p style="text-align: center;"><strong>Prof. Hiram A. Meléndez Juarbe</strong></p>
<p style="text-align: center;">DERE 7018</p>
<p><span style="color: #ff0000;"><strong>Nota</strong></span>: El prontuario del curso <strong>ya está</strong> disponible al final de esta página.  Aquí además encontrarán  (1) los materiales que utilizaremos durante el semestre, (2) la asignación para nuestra primera reunión, (3) información sobre el registro electrónico.</p>
<p><strong>Sesiones</strong>:  Martes y Viernes: 1:00pm-2:50pm, Salón L-2</p>
<p><strong>Horas de Oficina:  </strong>Miércoles 10:00am-5:00pm, por cita.</p>
<h1><span id="I-Objetivos">I. Objetivos</span></h1>
<div class="page" title="Page 16">
<div class="layoutArea">
<div class="column">
<p>Estudiaremos las limitaciones y los poderes en las relaciones entre los gobiernos de los estados, el gobierno federal y el Estado Libre Asociado de Puerto Rico a través de un examen y un estudio comparativo de la jurisprudencia del Tribunal Supremo de los Estados Unidos y del Tribunal Supremo de Puerto Rico. El curso versa fundamentalmente sobre el poder federal para reglamentar el comercio y las limitaciones que la cláusula de comercio impone a la reglamentación económica de los estados, los poderes generales del Congreso y su interacción con los gobiernos estatales y locales, las limitaciones establecidas por el debido procedimiento de carácter sustantivo a las reglamentaciones en el orden económico y de otra índole de origen gubernamental, el derecho a la libertad de expresión en el orden político, la cláusula de la igual protección de las leyes, y la revisión judicial de la acción legislativa.</p>
</div>
</div>
</div>
<h1><span id="II-Materiales">II. Materiales</span></h1>
<p>Utilizaremos los siguientes textos y materiales:</p>
<ul>
<li>Stone, Seidman, Sunstein, Tushnet &amp; Karlan, <strong>Constitutional Law</strong> (Seventh Edition, 2013) y Suplemento correspondiente <strong>(CL)</strong></li>
<li>José Julián Álvarez González, <strong>Derecho Constitucional de Puerto Rico y Relaciones Constitucionales con los Estados Unidos- Casos y Materiales</strong>, Editorial Temis (2009) <strong>(JJAG)</strong></li>
<li>Otros materiales estarán disponibles en <strong><a href="http://h2o.law.harvard.edu/playlists/9267">H20</a></strong>, según se indique en el prontuario. Debe seguir <a href="http://h2o.law.harvard.edu/playlists/9267">este enlace</a> (algunos materiales se colocarán durante el semestre).</li>
</ul>
<h1><span id="III-Asignacin-Primer-Da-de-Clases">III.  Asignación  Primer Día de Clases</span></h1>
<ol>
<li><a href="http://www.ramajudicial.pr/leyes/constitucion/constitucion2.pdf">Constitución de Puerto Rico</a> (disponible en JJAG, Apéndice A)</li>
<li>Constitución de Estados Unidos (disponible en Const Law, pág. xli). Constitución y enmiendas disponibles en estos dos enlaces: <a href="http://www.gpo.gov/fdsys/pkg/GPO-CONAN-1992/pdf/GPO-CONAN-1992-6.pdf">Constitución</a>, <a href="http://www.gpo.gov/fdsys/pkg/GPO-CONAN-1992/pdf/GPO-CONAN-1992-7.pdf">Enmiendas</a>.</li>
<li>Opinión del Tribunal Supremo de Estados Unidos <a href="http://www.supremecourt.gov/opinions/12pdf/12-307_6j37.pdf">UNITED STATES v. WINDSOR, 570 U. S. ____ (2013)</a> (solamente Opinión del Tribunal por Kennedy, versión <a href="http://www.supremecourt.gov/opinions/12pdf/12-307_6j37.pdf">original</a> no editada).</li>
</ol>
<h1><span id="IV-Registro-de-Estudiantes-Agosto-2014">IV. Registro de Estudiantes Agosto 2014</span></h1>
<p><span style="color: #ff0000;">IMPORTANTE</span>: Antes del primer día de clases cada estudiante debe registrarse en el curso utilizando el formulario que se encuentra a continuación. El profesor se comunicará con los y las estudiantes a la dirección electrónica provista y presumirá que estos correos son recibidos y leídos.</p>
<p><iframe loading="lazy" src="https://docs.google.com/forms/d/1Nj__aw7TTQ0R8eLeHgf5K020tIdlhxZCKCDH2HZRlj0/viewform?embedded=true" width="760" height="500" frameborder="0" marginwidth="0" marginheight="0">Loading&#8230;</iframe></p>
<h2><span id="V-Evaluacin">V.  Evaluación</span></h2>
<p>El método de evaluación constará de un examen al final del semestre. Para fines de la calificación final, se tomará en cuenta la asistencia y la participación informada en clase. Se observarán rigurosamente las normas para la otorgación y remoción de Incompletos (ver catálogo de la Escuela de Derecho). Los Incompletos son una excepción y como tal se evaluarán.</p>
<h2><span id="VI-Necesidades-especiales">VI.      Necesidades especiales</span></h2>
<p>De tener necesidades especiales, no dude en comunicarse conmigo personalmente o por vía electrónica para hacer los ajustes necesarios y lograr el acomodo razonable según las normas y reglamentos de la institución.</p>
<h1><span id="VII-Temario-y-Asignaciones">VII. Temario y Asignaciones</span></h1>
<p><iframe loading="lazy" id="doc_31837" class="scribd_iframe_embed" src="//www.scribd.com/embeds/235966903/content?start_page=1&amp;view_mode=scroll&amp;access_key=key-qzOzyEZCZOHSB6txttRA&amp;show_recommendations=true" width="100%" height="600" frameborder="0" scrolling="no" data-auto-height="false" data-aspect-ratio="0.7729220222793488"></iframe>   </p>

<p>Prof. Hiram A. Meléndez Juarbe DERE 7018 Nota: El prontuario del curso ya está disponible al final de esta página.  Aquí además encontrarán  (1) los materiales que utilizaremos durante el semestre, (2) la asignación para nuestra primera reunión, (3) información sobre el registro electrónico. Sesiones:  Martes y Viernes: 1:00pm-2:50pm, Salón L-2 Horas de Oficina:  Miércoles 10:00am-5:00pm, por cita. &hellip; <a href="http://elplandehiram.org/?page_id=832" class="more-link">Continue reading <span class="screen-reader-text">Derecho Constitucional Agosto 2014</span> <span class="meta-nav">&rarr;</span></a></p>
