{"id":642,"date":"2013-12-30T07:11:23","date_gmt":"2013-12-30T11:11:23","guid":{"rendered":"http:\/\/elplandehiram.org\/?page_id=642"},"modified":"2014-01-30T09:49:53","modified_gmt":"2014-01-30T13:49:53","slug":"teoria-del-derecho-2do-semestre-2013-2014","status":"publish","type":"page","link":"http:\/\/elplandehiram.org\/?page_id=642","title":{"rendered":"Teor\u00eda del Derecho 2do Semestre 2013-2014"},"content":{"rendered":"<p align=\"center\"><strong>Prof. Hiram Mel\u00e9ndez Juarbe<\/strong><\/p>\n<p style=\"text-align: left;\" align=\"center\"><strong>Puede bajar el prontuario en<\/strong>\u00a0<a href=\"http:\/\/elplandehiram.org\/wp-content\/uploads\/2013\/12\/ProntuarioTeor\u00eda_2doSem_2013-2014.pdf\"><strong>este enlace.<\/strong><\/a><\/p>\n<p style=\"text-align: left;\" align=\"center\"><strong>Sesiones:<\/strong><strong>\u00a0<\/strong>Martes y Jueves: 8:00pm-9:20pm<\/p>\n<p><strong>Horas de Oficina:\u00a0<\/strong>Mi\u00e9rcoles 10:00am-5:00pm, por cita<\/p>\n<p><strong>I. \u00a0\u00a0\u00a0\u00a0\u00a0\u00a0\u00a0\u00a0 Descripci\u00f3n del Curso<\/strong><\/p>\n<p>Examina los temas y los problemas fundamentales de la teor\u00eda del Derecho, entre ellos las concepciones del Derecho, la validez o legitimidad de las normas, los problemas de metodolog\u00eda jur\u00eddica, los conceptos claves del orden jur\u00eddico prevaleciente, y las relaciones entre Derecho, el poder, la estructura social y la ideolog\u00eda. Discute estos temas mediante el examen de los aportes de las diversas escuelas y corrientes de pensamiento jur\u00eddico, con particular \u00e9nfasis en los desarrollos m\u00e1s recientes en la disciplina.<\/p>\n<p><strong>II.\u00a0\u00a0\u00a0\u00a0\u00a0\u00a0\u00a0 Libros y Materiales<\/strong><\/p>\n<ul>\n<li><b>Gottlieb, Bix, Lytton &amp; West, Jurisprudence: Cases and Materials: An Introduction to the Philosophy of law and Its Applications (2da Ed 2006, LexisNexis) \u00a0<\/b><\/li>\n<li><b><\/b><b>Lecturas Adicionales en Reserva Electr\u00f3nica<\/b><\/li>\n<\/ul>\n<p><strong><\/strong><strong>III.\u00a0\u00a0\u00a0\u00a0\u00a0\u00a0 Registro Electr\u00f3nico<\/strong><\/p>\n<p>El prontuario as\u00ed como cualquier otra informaci\u00f3n pertinente estar\u00e1 disponible en\u00a0<a href=\"http:\/\/www.elplandehiram.org\/teoriadelderecho\">www.elplandehiram.org\/teoriadelderecho<\/a><\/p>\n<p>El primer d\u00eda de clases cada estudiante debe enviar un email a\u00a0<a href=\"http:\/\/www.google.com\/recaptcha\/mailhide\/d?k=01l7vNKhCF9joDB15RcUcqsw==&amp;c=VuYRn9VgaS6hFlor0zgN2D5p5JFzTzkiZxY3EbBPFmc=\">esta direcci\u00f3n electr\u00f3nica<\/a>\u00a0con la siguiente frase en el asunto (sin comillas) \u201c<strong>teoria2013B<\/strong>\u201d.\u00a0\u00a0 El profesor avisar\u00e1 por correo electr\u00f3nico sobre cambios en el programa y asuntos relacionados a la clase. Estos avisos se enviar\u00e1n a la direcci\u00f3n que el estudiante utiliz\u00f3 en ese email inicial.\u00a0 <strong>El profesor presumir\u00e1 que todo env\u00edo\u00a0 a esa direcci\u00f3n es recibido correctamente<\/strong>.<\/p>\n<p><strong>IV.\u00a0\u00a0\u00a0\u00a0\u00a0\u00a0 Evaluaci\u00f3n<\/strong><\/p>\n<p>El m\u00e9todo de evaluaci\u00f3n constar\u00e1 de un examen al final del semestre en el d\u00eda, en la hora y de la extensi\u00f3n establecida por la administraci\u00f3n de la Escuela de Derecho.<\/p>\n<p><strong>Nota: El examen estar\u00e1 disponible por internet en la hora indicada y deber\u00e1 ser entregado al profesor por correo electr\u00f3nico, <span style=\"text-decoration: underline;\">desde<\/span> el correo electr\u00f3nico utilizado para el registro electr\u00f3nico descrito en la Secci\u00f3n III de este prontuario.\u00a0 No se aceptar\u00e1n escritos desde otra direcci\u00f3n. \u00a0<\/strong><\/p>\n<p>Para fines de la calificaci\u00f3n final, se tomar\u00e1 en cuenta la asistencia y la participaci\u00f3n informada en clase. Se observar\u00e1n rigurosamente las normas para la otorgaci\u00f3n y remoci\u00f3n de Incompletos (ver cat\u00e1logo de la Escuela de Derecho). Los Incompletos son una excepci\u00f3n y como tal se evaluar\u00e1n.<\/p>\n<p>El profesor podr\u00e1 a\u00f1adir otros mecanismos de evaluaci\u00f3n durante el semestre, tales como ensayos cr\u00edticos de reacci\u00f3n.<\/p>\n<p><strong>V.\u00a0 \u00a0\u00a0\u00a0\u00a0\u00a0 Necesidades especiales<\/strong><\/p>\n<p>De tener necesidades especiales, no dude en comunicarse conmigo personalmente o por v\u00eda electr\u00f3nica para hacer los ajustes necesarios y lograr el acomodo razonable seg\u00fan las normas y reglamentos de la instituci\u00f3n.<\/p>\n<p style=\"margin: 12px auto 6px auto; font-family: Helvetica,Arial,Sans-serif; font-style: normal; font-variant: normal; font-weight: normal; font-size: 14px; line-height: normal; font-size-adjust: none; font-stretch: normal; -x-system-font: none; display: block;\"><strong><a style=\"text-decoration: underline;\" title=\"View ProntuarioTeor\u00eda_2doSem_2013-2014 on Scribd\" href=\"http:\/\/www.scribd.com\/doc\/203404940\/ProntuarioTeoria-2doSem-2013-2014\">ProntuarioTeor\u00eda_2doSem_2013-2014<\/a>\u00a0<\/strong><\/p>\n<p><iframe loading=\"lazy\" id=\"doc_51338\" src=\"\/\/www.scribd.com\/embeds\/203404940\/content?start_page=1&amp;view_mode=scroll&amp;access_key=key-vlv7mkfyqrgs5bbtc8p&amp;show_recommendations=true\" height=\"600\" width=\"100%\" frameborder=\"0\" scrolling=\"no\" data-auto-height=\"false\" data-aspect-ratio=\"0.772922022279349\"><\/iframe>   <\/p>\n","protected":false},"excerpt":{"rendered":"<p>Prof. Hiram Mel\u00e9ndez Juarbe Puede bajar el prontuario en\u00a0este enlace. Sesiones:\u00a0Martes y Jueves: 8:00pm-9:20pm Horas de Oficina:\u00a0Mi\u00e9rcoles 10:00am-5:00pm, por cita I. \u00a0\u00a0\u00a0\u00a0\u00a0\u00a0\u00a0\u00a0 Descripci\u00f3n del Curso Examina los temas y los problemas fundamentales de la teor\u00eda del Derecho, entre ellos las concepciones del Derecho, la validez o legitimidad de las normas, los problemas de metodolog\u00eda jur\u00eddica, &hellip; <a href=\"http:\/\/elplandehiram.org\/?page_id=642\" class=\"more-link\">Continue reading <span class=\"screen-reader-text\">Teor\u00eda del Derecho 2do Semestre 2013-2014<\/span> <span class=\"meta-nav\">&rarr;<\/span><\/a><\/p>\n","protected":false},"author":1,"featured_media":0,"parent":404,"menu_order":0,"comment_status":"closed","ping_status":"closed","template":"","meta":[],"_links":{"self":[{"href":"http:\/\/elplandehiram.org\/index.php?rest_route=\/wp\/v2\/pages\/642"}],"collection":[{"href":"http:\/\/elplandehiram.org\/index.php?rest_route=\/wp\/v2\/pages"}],"about":[{"href":"http:\/\/elplandehiram.org\/index.php?rest_route=\/wp\/v2\/types\/page"}],"author":[{"embeddable":true,"href":"http:\/\/elplandehiram.org\/index.php?rest_route=\/wp\/v2\/users\/1"}],"replies":[{"embeddable":true,"href":"http:\/\/elplandehiram.org\/index.php?rest_route=%2Fwp%2Fv2%2Fcomments&post=642"}],"version-history":[{"count":5,"href":"http:\/\/elplandehiram.org\/index.php?rest_route=\/wp\/v2\/pages\/642\/revisions"}],"predecessor-version":[{"id":719,"href":"http:\/\/elplandehiram.org\/index.php?rest_route=\/wp\/v2\/pages\/642\/revisions\/719"}],"up":[{"embeddable":true,"href":"http:\/\/elplandehiram.org\/index.php?rest_route=\/wp\/v2\/pages\/404"}],"wp:attachment":[{"href":"http:\/\/elplandehiram.org\/index.php?rest_route=%2Fwp%2Fv2%2Fmedia&parent=642"}],"curies":[{"name":"wp","href":"https:\/\/api.w.org\/{rel}","templated":true}]}}

Teoría del Derecho 2do Semestre 2013-2014

<p align="center"><strong>Prof. Hiram Meléndez Juarbe</strong></p>
<p style="text-align: left;" align="center"><strong>Puede bajar el prontuario en</strong> <a href="http://elplandehiram.org/wp-content/uploads/2013/12/ProntuarioTeoría_2doSem_2013-2014.pdf"><strong>este enlace.</strong></a></p>
<p style="text-align: left;" align="center"><strong>Sesiones:</strong><strong> </strong>Martes y Jueves: 8:00pm-9:20pm</p>
<p><strong>Horas de Oficina: </strong>Miércoles 10:00am-5:00pm, por cita</p>
<p><strong>I.          Descripción del Curso</strong></p>
<p>Examina los temas y los problemas fundamentales de la teoría del Derecho, entre ellos las concepciones del Derecho, la validez o legitimidad de las normas, los problemas de metodología jurídica, los conceptos claves del orden jurídico prevaleciente, y las relaciones entre Derecho, el poder, la estructura social y la ideología. Discute estos temas mediante el examen de los aportes de las diversas escuelas y corrientes de pensamiento jurídico, con particular énfasis en los desarrollos más recientes en la disciplina.</p>
<p><strong>II.        Libros y Materiales</strong></p>
<ul>
<li><b>Gottlieb, Bix, Lytton &amp; West, Jurisprudence: Cases and Materials: An Introduction to the Philosophy of law and Its Applications (2da Ed 2006, LexisNexis)  </b></li>
<li><b></b><b>Lecturas Adicionales en Reserva Electrónica</b></li>
</ul>
<p><strong></strong><strong>III.       Registro Electrónico</strong></p>
<p>El prontuario así como cualquier otra información pertinente estará disponible en <a href="http://www.elplandehiram.org/teoriadelderecho">www.elplandehiram.org/teoriadelderecho</a></p>
<p>El primer día de clases cada estudiante debe enviar un email a <a href="http://www.google.com/recaptcha/mailhide/d?k=01l7vNKhCF9joDB15RcUcqsw==&amp;c=VuYRn9VgaS6hFlor0zgN2D5p5JFzTzkiZxY3EbBPFmc=">esta dirección electrónica</a> con la siguiente frase en el asunto (sin comillas) “<strong>teoria2013B</strong>”.   El profesor avisará por correo electrónico sobre cambios en el programa y asuntos relacionados a la clase. Estos avisos se enviarán a la dirección que el estudiante utilizó en ese email inicial.  <strong>El profesor presumirá que todo envío  a esa dirección es recibido correctamente</strong>.</p>
<p><strong>IV.       Evaluación</strong></p>
<p>El método de evaluación constará de un examen al final del semestre en el día, en la hora y de la extensión establecida por la administración de la Escuela de Derecho.</p>
<p><strong>Nota: El examen estará disponible por internet en la hora indicada y deberá ser entregado al profesor por correo electrónico, <span style="text-decoration: underline;">desde</span> el correo electrónico utilizado para el registro electrónico descrito en la Sección III de este prontuario.  No se aceptarán escritos desde otra dirección.  </strong></p>
<p>Para fines de la calificación final, se tomará en cuenta la asistencia y la participación informada en clase. Se observarán rigurosamente las normas para la otorgación y remoción de Incompletos (ver catálogo de la Escuela de Derecho). Los Incompletos son una excepción y como tal se evaluarán.</p>
<p>El profesor podrá añadir otros mecanismos de evaluación durante el semestre, tales como ensayos críticos de reacción.</p>
<p><strong>V.        Necesidades especiales</strong></p>
<p>De tener necesidades especiales, no dude en comunicarse conmigo personalmente o por vía electrónica para hacer los ajustes necesarios y lograr el acomodo razonable según las normas y reglamentos de la institución.</p>
<p style="margin: 12px auto 6px auto; font-family: Helvetica,Arial,Sans-serif; font-style: normal; font-variant: normal; font-weight: normal; font-size: 14px; line-height: normal; font-size-adjust: none; font-stretch: normal; -x-system-font: none; display: block;"><strong><a style="text-decoration: underline;" title="View ProntuarioTeoría_2doSem_2013-2014 on Scribd" href="http://www.scribd.com/doc/203404940/ProntuarioTeoria-2doSem-2013-2014">ProntuarioTeoría_2doSem_2013-2014</a> </strong></p>
<p><iframe loading="lazy" id="doc_51338" src="//www.scribd.com/embeds/203404940/content?start_page=1&amp;view_mode=scroll&amp;access_key=key-vlv7mkfyqrgs5bbtc8p&amp;show_recommendations=true" height="600" width="100%" frameborder="0" scrolling="no" data-auto-height="false" data-aspect-ratio="0.772922022279349"></iframe>   </p>

<p>Prof. Hiram Meléndez Juarbe Puede bajar el prontuario en este enlace. Sesiones: Martes y Jueves: 8:00pm-9:20pm Horas de Oficina: Miércoles 10:00am-5:00pm, por cita I.          Descripción del Curso Examina los temas y los problemas fundamentales de la teoría del Derecho, entre ellos las concepciones del Derecho, la validez o legitimidad de las normas, los problemas de metodología jurídica, &hellip; <a href="http://elplandehiram.org/?page_id=642" class="more-link">Continue reading <span class="screen-reader-text">Teoría del Derecho 2do Semestre 2013-2014</span> <span class="meta-nav">&rarr;</span></a></p>
