{"id":2964,"date":"2024-08-01T07:30:22","date_gmt":"2024-08-01T11:30:22","guid":{"rendered":"http:\/\/elplandehiram.org\/?page_id=2964"},"modified":"2024-11-14T10:10:22","modified_gmt":"2024-11-14T14:10:22","slug":"derechos-de-autores-y-autoras-agosto-2025","status":"publish","type":"page","link":"http:\/\/elplandehiram.org\/?page_id=2964","title":{"rendered":"Derechos de Autoras y Autores, Agosto 2024"},"content":{"rendered":"\n<p class=\"has-text-align-center\"><strong>Prof. Hiram A. Mel\u00e9ndez Juarbe<\/strong><\/p>\n\n\n\n<p class=\"has-text-align-center\"><strong>Correo Electr\u00f3nico, en este enlace:&nbsp;<\/strong><a href=\"http:\/\/scr.im\/melendez\">http:\/\/scr.im\/melendez<\/a><\/p>\n\n\n\n<p class=\"has-text-align-center\"><strong>Sesiones<\/strong>: &nbsp;Martes y Viernes: 3:00pm-4:20pm, Sal\u00f3n L-4<\/p>\n\n\n\n<p class=\"has-text-align-center\"><strong>Horas de Oficina<\/strong>*<\/p>\n\n\n\n<p class=\"has-text-align-center\">Mi\u00e9rcoles: 9:00-12:00; 1:00-4:00 (por acuerdo)<\/p>\n\n\n\n<p>* Podr\u00e1n reunirse con el profesor en horas de oficina para atender asuntos relacionados con sus clases o investigaciones, as\u00ed como para consejer\u00eda acad\u00e9mica o profesional. Es necesario coordinar previamente por email.<\/p>\n\n\n\n<h4 class=\"wp-block-heading has-text-align-center has-red-color has-text-color\"><span id=\"Asignacin-para-la-primera-clase-Introduccinnbsp\"><strong>Asignaci\u00f3n para la primera clase (Introducci\u00f3n):<\/strong>&nbsp;<\/span><\/h4>\n\n\n\n<p>Para la primera sesi\u00f3n debe leer el material identificado como <strong>Introducci\u00f3n<\/strong>  en el documento de lecturas y asignaciones.<\/p>\n\n\n\n<h1 class=\"wp-block-heading\"><span id=\"InbspDescripcin-del-curso\"><strong>I.&nbsp;<\/strong><strong>Descripci\u00f3n del curso<\/strong><\/span><\/h1>\n\n\n\n<p>Explora detalladamente la protecci\u00f3n legal a los derechos de autoras y autores en su dimensi\u00f3n patrimonial y moral seg\u00fan la legislaci\u00f3n federal y puertorrique\u00f1a as\u00ed como sus fundamentos te\u00f3ricos. Examina qu\u00e9 constituye una obra y los requisitos&nbsp; necesarios para su protecci\u00f3n, as\u00ed como la titularidad y transferencia de derechos, el alcance de la protecci\u00f3n as\u00ed como sus limitaciones, excepciones, criterios de evaluaci\u00f3n judicial para determinar violaciones y remedios disponibles en los tribunales. Considera adem\u00e1s el derecho autoral en el nivel internacional.<\/p>\n\n\n\n<h1 class=\"wp-block-heading\"><span id=\"II-Objetivos\">II. Objetivos<\/span><\/h1>\n\n\n\n<p>En este curso los y las estudiantes:*<\/p>\n\n\n\n<ul>\n<li>Conocer\u00e1n sobre el derecho positivo, las normas, naturaleza, valores y ordenamiento del derecho de autoras y autores en su modalidad patrimonial y moral.<\/li>\n\n\n\n<li>Analizar\u00e1n problemas jur\u00eddicos y sistemas complejos en lo referente al sistema de derechos de autoras y autores.<\/li>\n\n\n\n<li>Aprender\u00e1n a proponer soluciones a problemas jur\u00eddicos evaluando cr\u00edticamente la adecuaci\u00f3n de las normas vigentes al mundo contempor\u00e1neo.<\/li>\n\n\n\n<li>Aplicar\u00e1n conceptos b\u00e1sicos y figuras jur\u00eddicas que integran la protecci\u00f3n a derechos de autoras y autores mediante el desarrollo de las destrezas propias de la disciplina.<\/li>\n<\/ul>\n\n\n\n<p>*Objetivos del programa de estudios de la Escuela de Derecho atendidos en este curso: 1.1, 1.2, 1.3, 2.1, 2.3, 2.5, 2.6.&nbsp;<\/p>\n\n\n\n<h1 class=\"wp-block-heading\"><span id=\"III-Libro-y-Materiales\">III. Libro y Materiales<\/span><\/h1>\n\n\n\n<ul>\n<li><strong><strong>Jeanne Frommer &amp; Christopher Sprigman, Copyright Law: Cases and Materials v.6.0<\/strong> <strong>(2024)<\/strong>. <\/strong>El libro est\u00e1 disponible mediante descarga libre de costo en <strong><a href=\"http:\/\/www.copyrightbook.org\/\">http:\/\/www.copyrightbook.org\/<\/a><\/strong><\/li>\n\n\n\n<li>Pueden adquirir una copia impresa en<strong> <a href=\"https:\/\/www.amazon.com\/dp\/B0D7Q29GL4\">https:\/\/www.amazon.com\/dp\/B0D7Q29GL4<\/a><\/strong><\/li>\n\n\n\n<li><strong><strong>Copyright Act 1976, <\/strong><\/strong>disponible en la p\u00e1gina del libro:<strong> <a href=\"http:\/\/www.copyrightbook.org\/materials\">http:\/\/www.copyrightbook.org\/materials<\/a><\/strong><\/li>\n<\/ul>\n\n\n\n<h1 class=\"wp-block-heading\"><span id=\"IV-Evaluacin\">IV. Evaluaci\u00f3n<\/span><\/h1>\n\n\n\n<p><strong>A. &nbsp;Examen<\/strong>. Las y los estudiantes ser\u00e1n evaluados al final del semestre&nbsp;mediante&nbsp;un examen.&nbsp;Oportunamente, el profesor enviar\u00e1 a los estudiantes ex\u00e1menes anteriores as\u00ed como la gu\u00eda de correcci\u00f3n. &nbsp;<\/p>\n\n\n\n<p><strong>B. Participaci\u00f3n.<\/strong>&nbsp;Para fines de la calificaci\u00f3n final, se tomar\u00e1 en cuenta la asistencia y la participaci\u00f3n informada en clase. Se observar\u00e1n rigurosamente las normas sobre Incompletos (ver cat\u00e1logo de la Escuela de Derecho). Los Incompletos son una excepci\u00f3n y como tal se evaluar\u00e1n.<\/p>\n\n\n\n<h1 class=\"wp-block-heading\"><span id=\"V-Mtodo-de-Comunicacin\">V. M\u00e9todo de Comunicaci\u00f3n<\/span><\/h1>\n\n\n\n<p>IMPORTANTE: &nbsp;Toda y todo estudiante deber\u00e1 utilizar su cuenta de correo electr\u00f3nico institucional (@upr.edu) (o redirigirla a una cuenta personal). El profesor se comunicar\u00e1 regularmente con el grupo a trav\u00e9s de una plataforma electr\u00f3nica del Recinto que utiliza estas direcciones. Se presumir\u00e1 que toda comunicaci\u00f3n a trav\u00e9s de este sistema es recibida. No se har\u00e1n excepciones.<\/p>\n\n\n\n<h1 class=\"wp-block-heading\"><span id=\"VI-Necesidades-especiales\">VI. Necesidades especiales<\/span><\/h1>\n\n\n\n<p>Seg\u00fan la Ley de Servicios Educativos Integrales para Personas con Impedimentos, todo estudiante que requiera acomodo razonable deber\u00e1 notificarlo al profesor(a) el primer d\u00eda de clase. Los estudiantes que reciban servicios de Rehabilitaci\u00f3n Vocacional deben comunicarse con el (la) profesor(a) al inicio del semestre para planificar el acomodo razonable y el equipo de asistencia necesario conforme a las recomendaciones de la Oficina de Servicios a Estudiantes con Impedimentos (OSEI) del Decanato de Estudiantes. Tambi\u00e9n aquellos estudiantes con necesidades especiales de alg\u00fan tipo de asistencia o acomodo deben comunicarse con el (la) profesor(a). Si un alumno tiene una discapacidad documentada (ya sea f\u00edsica, psicol\u00f3gica, de aprendizaje o de otro tipo, que afecte su desempe\u00f1o acad\u00e9mico) y le gustar\u00eda solicitar disposiciones acad\u00e9micas especiales, \u00e9ste debe comunicarse con la Oficina de Servicios a Estudiantes con Impedimentos (OSEI) del Decanato de Estudiantes, a fin de fijar una cita para dar inicio a los servicios pertinentes.<\/p>\n\n\n\n<h1 class=\"wp-block-heading\"><span id=\"VIInbspAsistencia-Participacin-e-Integridad-Acadmica\">VII.&nbsp;Asistencia, Participaci\u00f3n e Integridad Acad\u00e9mica<\/span><\/h1>\n\n\n\n<h3 class=\"wp-block-heading\"><span id=\"Poltica-de-Asistencia\">Pol\u00edtica de Asistencia<\/span><\/h3>\n\n\n\n<p>La asistencia a clase es obligatoria y se tomar\u00e1 en cuenta en la calificaci\u00f3n final. &nbsp;Las ausencias, debidamente justificadas, deben comunicarse al profesor con anticipaci\u00f3n. La pol\u00edtica de asistencia institucional se encuentra en este enlace:&nbsp;<a href=\"http:\/\/derecho.uprrp.edu\/estudiantes\/formularios-y-manuales\/\">http:\/\/derecho.uprrp.edu\/estudiantes\/formularios-y-manuales\/<\/a><\/p>\n\n\n\n<p>Un estudiante que se ausente a m\u00e1s de 6 sesiones programadas para el curso, por razones que no sean institucionales o acad\u00e9micas, estar\u00e1 impedido de completarlo. En esos casos, el profesor &nbsp;informar\u00e1 al estudiante de ese hecho y notificar\u00e1 a la Registradora para que proceda a dar de baja al estudiante. La notificaci\u00f3n al estudiante se har\u00e1 en forma confidencial.<\/p>\n\n\n\n<p>Se espera que toda estudiante asista a clase habiendo le\u00eddo el material asignado y preparada para contribuir inteligentemente&nbsp;a la discusi\u00f3n.<\/p>\n\n\n\n<p><\/p>\n\n\n\n<h3 class=\"wp-block-heading\"><span id=\"Mtodos-Alternos\">M\u00e9todos Alternos<\/span><\/h3>\n\n\n\n<p>El profesor en su entera discreci\u00f3n podr\u00e1 optar por celebrar sesiones de manera virtual total o parcialmente, seg\u00fan sea permitido por la normativa institucional pertinente, o  seg\u00fan sea necesario por razones de salud p\u00fablica o por circunstancias imprevistas.<\/p>\n\n\n\n<p>En caso de surgir una emergencia o interrupci\u00f3n de clases, el(la) profesor(a) continuar\u00e1 ofreciendo el curso utilizando la modalidad a distancia o en l\u00ednea, seg\u00fan establecidas en este prontuario oficial. De acuerdo a la informaci\u00f3n oficial y las directrices institucionales, el profesor realizar\u00e1 esfuerzos para comunicarse con los estudiantes v\u00eda correo electr\u00f3nico institucional u otros medios alternos disponibles para coordinar la continuidad del ofrecimiento.<\/p>\n\n\n\n<h3 class=\"wp-block-heading\"><span id=\"Integridad-Acadmica\">Integridad Acad\u00e9mica<\/span><\/h3>\n\n\n\n<p>La Universidad de Puerto Rico promueve los m\u00e1s altos est\u00e1ndares de integridad acad\u00e9mica y cient\u00edfica. El Art\u00edculo 6.2 del Reglamento General de Estudiantes de la UPR (Certificaci\u00f3n N\u00fam. 13, 2009-2010, de la Junta de S\u00edndicos) establece que \u201cla deshonestidad acad\u00e9mica incluye, pero no se limita a: acciones fraudulentas, la obtenci\u00f3n de notas o grados acad\u00e9micos vali\u00e9ndose de falsas o fraudulentas simulaciones, copiar total o parcialmente la labor acad\u00e9mica de otra persona, plagiar total o parcialmente el trabajo de otra persona, copiar total o parcialmente las respuestas de otra persona a las preguntas de un examen, haciendo o consiguiendo que otro tome en su nombre cualquier prueba o examen oral o escrito, as\u00ed como la ayuda o facilitaci\u00f3n para que otra persona incurra en la referida conducta\u201d. Cualquiera de estas acciones estar\u00e1 sujeta a sanciones disciplinarias en conformidad con el procedimiento disciplinario establecido en el Reglamento General de Estudiantes de la UPR, que est\u00e9 vigente.<\/p>\n\n\n\n<p>Para velar por la integridad y seguridad de los datos de los usuarios, todo curso h\u00edbrido y a distancia deber\u00e1 ofrecerse mediante la plataforma institucional de gesti\u00f3n de aprendizaje, la cual utiliza protocolos seguros de conexi\u00f3n y autenticaci\u00f3n. El sistema autentica la identidad del usuario utilizando el nombre de usuario y contrase\u00f1a asignados en su cuenta institucional. El usuario es responsable de mantener segura, proteger, y no compartir su contrase\u00f1a con otras personas.<\/p>\n\n\n\n<h1 class=\"wp-block-heading\"><span id=\"VIII-Poltica-de-Hostigamiento-Sexual\">VIII. Pol\u00edtica de Hostigamiento Sexual<\/span><\/h1>\n\n\n\n<p>La Universidad de Puerto Rico proh\u00edbe el discrimen par raz\u00f3n de sexo y g\u00e9nero en todas sus modalidades, incluyendo el hostigamiento sexual. Seg\u00fan la Pol\u00edtica institucional contra el Hostigamiento Sexual en la Universidad de Puerto Rico, Certificaci\u00f3n N\u00fam. 130, 2014-2015 de la Junta de Gobierno, si un estudiante est\u00e1 siendo o fue afectado por conductas relacionadas a hostigamiento sexual, puede acudir ante la Oficina de la Procuradur\u00eda Estudiantil, el Decanato de Estudiantes o la Coordinadora de Cumplimiento con Titulo IX para orientaci\u00f3n y\/o presentar una queja.<\/p>\n\n\n\n<h1 class=\"wp-block-heading\"><span id=\"IX-Lecturas-y-Asignaciones\">IX. Lecturas y Asignaciones<\/span><\/h1>\n\n\n\n<p>Oprima <a href=\"http:\/\/elplandehiram.org\/wp-content\/uploads\/2024\/11\/Sesiones-CR-Agosto-2024-Version-14-Nov.pdf\">el enlace para descargar el\u00a0\u00a0documento<\/a> que contiene <a href=\"http:\/\/elplandehiram.org\/wp-content\/uploads\/2019\/01\/DistClases_enero2019.pdf\">\u00a0<\/a>la\u00a0hoja de distribuci\u00f3n de asignaciones\u00a0(actualizado 14 de noviembre).<\/p>\n\n\n\n<p><\/p>\n\n\n\n<h1 class=\"wp-block-heading\"><span id=\"X-Clases-Asincrnicas\">X.  Clases Asincr\u00f3nicas<\/span><\/h1>\n\n\n\n<p><\/p>\n\n\n\n<ul>\n<li><strong>Sesiones 27 y 28: Derechos Morales <\/strong>\n<ul>\n<li><a href=\"http:\/\/elplandehiram.org\/?page_id=3032\">Video explicativo<\/a><\/li>\n\n\n\n<li>Lecturas:\n<ul>\n<li>Ver Hoja de Asignaciones actualizada.<\/li>\n<\/ul>\n<\/li>\n<\/ul>\n<\/li>\n<\/ul>\n\n\n\n<p><\/p>\n","protected":false},"excerpt":{"rendered":"<p>Prof. Hiram A. Mel\u00e9ndez Juarbe Correo Electr\u00f3nico, en este enlace:&nbsp;http:\/\/scr.im\/melendez Sesiones: &nbsp;Martes y Viernes: 3:00pm-4:20pm, Sal\u00f3n L-4 Horas de Oficina* Mi\u00e9rcoles: 9:00-12:00; 1:00-4:00 (por acuerdo) * Podr\u00e1n reunirse con el profesor en horas de oficina para atender asuntos relacionados con sus clases o investigaciones, as\u00ed como para consejer\u00eda acad\u00e9mica o profesional. Es necesario coordinar previamente &hellip; <a href=\"http:\/\/elplandehiram.org\/?page_id=2964\" class=\"more-link\">Continue reading <span class=\"screen-reader-text\">Derechos de Autoras y Autores, Agosto 2024<\/span> <span class=\"meta-nav\">&rarr;<\/span><\/a><\/p>\n","protected":false},"author":1,"featured_media":0,"parent":403,"menu_order":0,"comment_status":"closed","ping_status":"closed","template":"","meta":[],"_links":{"self":[{"href":"http:\/\/elplandehiram.org\/index.php?rest_route=\/wp\/v2\/pages\/2964"}],"collection":[{"href":"http:\/\/elplandehiram.org\/index.php?rest_route=\/wp\/v2\/pages"}],"about":[{"href":"http:\/\/elplandehiram.org\/index.php?rest_route=\/wp\/v2\/types\/page"}],"author":[{"embeddable":true,"href":"http:\/\/elplandehiram.org\/index.php?rest_route=\/wp\/v2\/users\/1"}],"replies":[{"embeddable":true,"href":"http:\/\/elplandehiram.org\/index.php?rest_route=%2Fwp%2Fv2%2Fcomments&post=2964"}],"version-history":[{"count":13,"href":"http:\/\/elplandehiram.org\/index.php?rest_route=\/wp\/v2\/pages\/2964\/revisions"}],"predecessor-version":[{"id":3035,"href":"http:\/\/elplandehiram.org\/index.php?rest_route=\/wp\/v2\/pages\/2964\/revisions\/3035"}],"up":[{"embeddable":true,"href":"http:\/\/elplandehiram.org\/index.php?rest_route=\/wp\/v2\/pages\/403"}],"wp:attachment":[{"href":"http:\/\/elplandehiram.org\/index.php?rest_route=%2Fwp%2Fv2%2Fmedia&parent=2964"}],"curies":[{"name":"wp","href":"https:\/\/api.w.org\/{rel}","templated":true}]}}

<p class="has-text-align-center"><strong>Prof. Hiram A. Meléndez Juarbe</strong></p>



<p class="has-text-align-center"><strong>Correo Electrónico, en este enlace:&nbsp;</strong><a href="http://scr.im/melendez">http://scr.im/melendez</a></p>



<p class="has-text-align-center"><strong>Sesiones</strong>: &nbsp;Martes y Viernes: 3:00pm-4:20pm, Salón L-4</p>



<p class="has-text-align-center"><strong>Horas de Oficina</strong>*</p>



<p class="has-text-align-center">Miércoles: 9:00-12:00; 1:00-4:00 (por acuerdo)</p>



<p>* Podrán reunirse con el profesor en horas de oficina para atender asuntos relacionados con sus clases o investigaciones, así como para consejería académica o profesional. Es necesario coordinar previamente por email.</p>



<h4 class="wp-block-heading has-text-align-center has-red-color has-text-color"><span id="Asignacin-para-la-primera-clase-Introduccinnbsp"><strong>Asignación para la primera clase (Introducción):</strong>&nbsp;</span></h4>



<p>Para la primera sesión debe leer el material identificado como <strong>Introducción</strong>  en el documento de lecturas y asignaciones.</p>



<h1 class="wp-block-heading"><span id="InbspDescripcin-del-curso"><strong>I.&nbsp;</strong><strong>Descripción del curso</strong></span></h1>



<p>Explora detalladamente la protección legal a los derechos de autoras y autores en su dimensión patrimonial y moral según la legislación federal y puertorriqueña así como sus fundamentos teóricos. Examina qué constituye una obra y los requisitos&nbsp; necesarios para su protección, así como la titularidad y transferencia de derechos, el alcance de la protección así como sus limitaciones, excepciones, criterios de evaluación judicial para determinar violaciones y remedios disponibles en los tribunales. Considera además el derecho autoral en el nivel internacional.</p>



<h1 class="wp-block-heading"><span id="II-Objetivos">II. Objetivos</span></h1>



<p>En este curso los y las estudiantes:*</p>



<ul>
<li>Conocerán sobre el derecho positivo, las normas, naturaleza, valores y ordenamiento del derecho de autoras y autores en su modalidad patrimonial y moral.</li>



<li>Analizarán problemas jurídicos y sistemas complejos en lo referente al sistema de derechos de autoras y autores.</li>



<li>Aprenderán a proponer soluciones a problemas jurídicos evaluando críticamente la adecuación de las normas vigentes al mundo contemporáneo.</li>



<li>Aplicarán conceptos básicos y figuras jurídicas que integran la protección a derechos de autoras y autores mediante el desarrollo de las destrezas propias de la disciplina.</li>
</ul>



<p>*Objetivos del programa de estudios de la Escuela de Derecho atendidos en este curso: 1.1, 1.2, 1.3, 2.1, 2.3, 2.5, 2.6.&nbsp;</p>



<h1 class="wp-block-heading"><span id="III-Libro-y-Materiales">III. Libro y Materiales</span></h1>



<ul>
<li><strong><strong>Jeanne Frommer &amp; Christopher Sprigman, Copyright Law: Cases and Materials v.6.0</strong> <strong>(2024)</strong>. </strong>El libro está disponible mediante descarga libre de costo en <strong><a href="http://www.copyrightbook.org/">http://www.copyrightbook.org/</a></strong></li>



<li>Pueden adquirir una copia impresa en<strong> <a href="https://www.amazon.com/dp/B0D7Q29GL4">https://www.amazon.com/dp/B0D7Q29GL4</a></strong></li>



<li><strong><strong>Copyright Act 1976, </strong></strong>disponible en la página del libro:<strong> <a href="http://www.copyrightbook.org/materials">http://www.copyrightbook.org/materials</a></strong></li>
</ul>



<h1 class="wp-block-heading"><span id="IV-Evaluacin">IV. Evaluación</span></h1>



<p><strong>A. &nbsp;Examen</strong>. Las y los estudiantes serán evaluados al final del semestre&nbsp;mediante&nbsp;un examen.&nbsp;Oportunamente, el profesor enviará a los estudiantes exámenes anteriores así como la guía de corrección. &nbsp;</p>



<p><strong>B. Participación.</strong>&nbsp;Para fines de la calificación final, se tomará en cuenta la asistencia y la participación informada en clase. Se observarán rigurosamente las normas sobre Incompletos (ver catálogo de la Escuela de Derecho). Los Incompletos son una excepción y como tal se evaluarán.</p>



<h1 class="wp-block-heading"><span id="V-Mtodo-de-Comunicacin">V. Método de Comunicación</span></h1>



<p>IMPORTANTE: &nbsp;Toda y todo estudiante deberá utilizar su cuenta de correo electrónico institucional (@upr.edu) (o redirigirla a una cuenta personal). El profesor se comunicará regularmente con el grupo a través de una plataforma electrónica del Recinto que utiliza estas direcciones. Se presumirá que toda comunicación a través de este sistema es recibida. No se harán excepciones.</p>



<h1 class="wp-block-heading"><span id="VI-Necesidades-especiales">VI. Necesidades especiales</span></h1>



<p>Según la Ley de Servicios Educativos Integrales para Personas con Impedimentos, todo estudiante que requiera acomodo razonable deberá notificarlo al profesor(a) el primer día de clase. Los estudiantes que reciban servicios de Rehabilitación Vocacional deben comunicarse con el (la) profesor(a) al inicio del semestre para planificar el acomodo razonable y el equipo de asistencia necesario conforme a las recomendaciones de la Oficina de Servicios a Estudiantes con Impedimentos (OSEI) del Decanato de Estudiantes. También aquellos estudiantes con necesidades especiales de algún tipo de asistencia o acomodo deben comunicarse con el (la) profesor(a). Si un alumno tiene una discapacidad documentada (ya sea física, psicológica, de aprendizaje o de otro tipo, que afecte su desempeño académico) y le gustaría solicitar disposiciones académicas especiales, éste debe comunicarse con la Oficina de Servicios a Estudiantes con Impedimentos (OSEI) del Decanato de Estudiantes, a fin de fijar una cita para dar inicio a los servicios pertinentes.</p>



<h1 class="wp-block-heading"><span id="VIInbspAsistencia-Participacin-e-Integridad-Acadmica">VII.&nbsp;Asistencia, Participación e Integridad Académica</span></h1>



<h3 class="wp-block-heading"><span id="Poltica-de-Asistencia">Política de Asistencia</span></h3>



<p>La asistencia a clase es obligatoria y se tomará en cuenta en la calificación final. &nbsp;Las ausencias, debidamente justificadas, deben comunicarse al profesor con anticipación. La política de asistencia institucional se encuentra en este enlace:&nbsp;<a href="http://derecho.uprrp.edu/estudiantes/formularios-y-manuales/">http://derecho.uprrp.edu/estudiantes/formularios-y-manuales/</a></p>



<p>Un estudiante que se ausente a más de 6 sesiones programadas para el curso, por razones que no sean institucionales o académicas, estará impedido de completarlo. En esos casos, el profesor &nbsp;informará al estudiante de ese hecho y notificará a la Registradora para que proceda a dar de baja al estudiante. La notificación al estudiante se hará en forma confidencial.</p>



<p>Se espera que toda estudiante asista a clase habiendo leído el material asignado y preparada para contribuir inteligentemente&nbsp;a la discusión.</p>



<p></p>



<h3 class="wp-block-heading"><span id="Mtodos-Alternos">Métodos Alternos</span></h3>



<p>El profesor en su entera discreción podrá optar por celebrar sesiones de manera virtual total o parcialmente, según sea permitido por la normativa institucional pertinente, o  según sea necesario por razones de salud pública o por circunstancias imprevistas.</p>



<p>En caso de surgir una emergencia o interrupción de clases, el(la) profesor(a) continuará ofreciendo el curso utilizando la modalidad a distancia o en línea, según establecidas en este prontuario oficial. De acuerdo a la información oficial y las directrices institucionales, el profesor realizará esfuerzos para comunicarse con los estudiantes vía correo electrónico institucional u otros medios alternos disponibles para coordinar la continuidad del ofrecimiento.</p>



<h3 class="wp-block-heading"><span id="Integridad-Acadmica">Integridad Académica</span></h3>



<p>La Universidad de Puerto Rico promueve los más altos estándares de integridad académica y científica. El Artículo 6.2 del Reglamento General de Estudiantes de la UPR (Certificación Núm. 13, 2009-2010, de la Junta de Síndicos) establece que “la deshonestidad académica incluye, pero no se limita a: acciones fraudulentas, la obtención de notas o grados académicos valiéndose de falsas o fraudulentas simulaciones, copiar total o parcialmente la labor académica de otra persona, plagiar total o parcialmente el trabajo de otra persona, copiar total o parcialmente las respuestas de otra persona a las preguntas de un examen, haciendo o consiguiendo que otro tome en su nombre cualquier prueba o examen oral o escrito, así como la ayuda o facilitación para que otra persona incurra en la referida conducta”. Cualquiera de estas acciones estará sujeta a sanciones disciplinarias en conformidad con el procedimiento disciplinario establecido en el Reglamento General de Estudiantes de la UPR, que esté vigente.</p>



<p>Para velar por la integridad y seguridad de los datos de los usuarios, todo curso híbrido y a distancia deberá ofrecerse mediante la plataforma institucional de gestión de aprendizaje, la cual utiliza protocolos seguros de conexión y autenticación. El sistema autentica la identidad del usuario utilizando el nombre de usuario y contraseña asignados en su cuenta institucional. El usuario es responsable de mantener segura, proteger, y no compartir su contraseña con otras personas.</p>



<h1 class="wp-block-heading"><span id="VIII-Poltica-de-Hostigamiento-Sexual">VIII. Política de Hostigamiento Sexual</span></h1>



<p>La Universidad de Puerto Rico prohíbe el discrimen par razón de sexo y género en todas sus modalidades, incluyendo el hostigamiento sexual. Según la Política institucional contra el Hostigamiento Sexual en la Universidad de Puerto Rico, Certificación Núm. 130, 2014-2015 de la Junta de Gobierno, si un estudiante está siendo o fue afectado por conductas relacionadas a hostigamiento sexual, puede acudir ante la Oficina de la Procuraduría Estudiantil, el Decanato de Estudiantes o la Coordinadora de Cumplimiento con Titulo IX para orientación y/o presentar una queja.</p>



<h1 class="wp-block-heading"><span id="IX-Lecturas-y-Asignaciones">IX. Lecturas y Asignaciones</span></h1>



<p>Oprima <a href="http://elplandehiram.org/wp-content/uploads/2024/11/Sesiones-CR-Agosto-2024-Version-14-Nov.pdf">el enlace para descargar el  documento</a> que contiene <a href="http://elplandehiram.org/wp-content/uploads/2019/01/DistClases_enero2019.pdf"> </a>la hoja de distribución de asignaciones (actualizado 14 de noviembre).</p>



<p></p>



<h1 class="wp-block-heading"><span id="X-Clases-Asincrnicas">X.  Clases Asincrónicas</span></h1>



<p></p>



<ul>
<li><strong>Sesiones 27 y 28: Derechos Morales </strong>
<ul>
<li><a href="http://elplandehiram.org/?page_id=3032">Video explicativo</a></li>



<li>Lecturas:
<ul>
<li>Ver Hoja de Asignaciones actualizada.</li>
</ul>
</li>
</ul>
</li>
</ul>



<p></p>

<p>Prof. Hiram A. Meléndez Juarbe Correo Electrónico, en este enlace:&nbsp;http://scr.im/melendez Sesiones: &nbsp;Martes y Viernes: 3:00pm-4:20pm, Salón L-4 Horas de Oficina* Miércoles: 9:00-12:00; 1:00-4:00 (por acuerdo) * Podrán reunirse con el profesor en horas de oficina para atender asuntos relacionados con sus clases o investigaciones, así como para consejería académica o profesional. Es necesario coordinar previamente &hellip; <a href="http://elplandehiram.org/?page_id=2964" class="more-link">Continue reading <span class="screen-reader-text">Derechos de Autoras y Autores, Agosto 2024</span> <span class="meta-nav">&rarr;</span></a></p>
