{"id":2889,"date":"2023-08-13T14:42:52","date_gmt":"2023-08-13T18:42:52","guid":{"rendered":"http:\/\/elplandehiram.org\/?page_id=2889"},"modified":"2023-09-24T14:02:54","modified_gmt":"2023-09-24T18:02:54","slug":"minicurso-fundamentos-teoricos-y-de-politica-publica-de-la-propiedad-intelectual-agosto-2023","status":"publish","type":"page","link":"http:\/\/elplandehiram.org\/?page_id=2889","title":{"rendered":"Minicurso: Fundamentos Te\u00f3ricos y de Pol\u00edtica P\u00fablica de la Propiedad Intelectual (Agosto 2023)"},"content":{"rendered":"","protected":true},"excerpt":{"rendered":"","protected":true},"author":1,"featured_media":0,"parent":614,"menu_order":0,"comment_status":"closed","ping_status":"closed","template":"","meta":[],"_links":{"self":[{"href":"http:\/\/elplandehiram.org\/index.php?rest_route=\/wp\/v2\/pages\/2889"}],"collection":[{"href":"http:\/\/elplandehiram.org\/index.php?rest_route=\/wp\/v2\/pages"}],"about":[{"href":"http:\/\/elplandehiram.org\/index.php?rest_route=\/wp\/v2\/types\/page"}],"author":[{"embeddable":true,"href":"http:\/\/elplandehiram.org\/index.php?rest_route=\/wp\/v2\/users\/1"}],"replies":[{"embeddable":true,"href":"http:\/\/elplandehiram.org\/index.php?rest_route=%2Fwp%2Fv2%2Fcomments&post=2889"}],"version-history":[{"count":14,"href":"http:\/\/elplandehiram.org\/index.php?rest_route=\/wp\/v2\/pages\/2889\/revisions"}],"predecessor-version":[{"id":2914,"href":"http:\/\/elplandehiram.org\/index.php?rest_route=\/wp\/v2\/pages\/2889\/revisions\/2914"}],"up":[{"embeddable":true,"href":"http:\/\/elplandehiram.org\/index.php?rest_route=\/wp\/v2\/pages\/614"}],"wp:attachment":[{"href":"http:\/\/elplandehiram.org\/index.php?rest_route=%2Fwp%2Fv2%2Fmedia&parent=2889"}],"curies":[{"name":"wp","href":"https:\/\/api.w.org\/{rel}","templated":true}]}}

Minicurso: Fundamentos Teóricos y de Política Pública de la Propiedad Intelectual (Agosto 2023)
