{"id":2142,"date":"2019-12-19T07:53:12","date_gmt":"2019-12-19T11:53:12","guid":{"rendered":"http:\/\/elplandehiram.org\/?page_id=2142"},"modified":"2020-02-02T12:22:11","modified_gmt":"2020-02-02T16:22:11","slug":"derecho-de-internet-y-nuevas-tecnologias-2do-sem-2019-2020","status":"publish","type":"page","link":"http:\/\/elplandehiram.org\/?page_id=2142","title":{"rendered":"Derecho de Internet y Nuevas Tecnolog\u00edas, 2do Sem. 2019-2020"},"content":{"rendered":"\n<p class=\"has-text-align-center\"><strong>Sesiones<\/strong>: Lunes y Mi\u00e9rcoles: 6:00pm-7:20,&nbsp;Sal\u00f3n L-4<\/p>\n\n\n\n<p class=\"has-text-align-center\"><strong>Horas de Oficina:&nbsp;<\/strong> Lunes: 8:00-12:00pm; 2:30pm-5:30pm <\/p>\n\n\n\n<p class=\"has-text-align-center\"><strong>Correo Electr\u00f3nico, en este enlace:&nbsp;<\/strong><a href=\"http:\/\/scr.im\/melendez\">http:\/\/scr.im\/melendez<\/a><\/p>\n\n\n\n<div id=\"toc-np-container\"><p id=\"toc-np-title\">Navegaci\u00f3n <\/p><ul class=\"no-bullets\"><li class=\"header-level-1\"><a href=\"http:\/\/elplandehiram.org\/?page_id=2142#I-nbsp-nbspDescripcin-del-curso\">I. &nbsp; &nbsp;Descripci\u00f3n del curso<\/a><\/li><li class=\"header-level-1\"><a href=\"http:\/\/elplandehiram.org\/?page_id=2142#II-Objetivos\">II. Objetivos<\/a><\/li><li class=\"header-level-1\"><a href=\"http:\/\/elplandehiram.org\/?page_id=2142#III-nbspLibro-y-Materiales\">III. &nbsp;Libro y Materiales<\/a><\/li><li class=\"header-level-1\"><a href=\"http:\/\/elplandehiram.org\/?page_id=2142#IV-nbspEvaluacin\">IV. &nbsp;Evaluaci\u00f3n<\/a><\/li><li class=\"header-level-1\"><a href=\"http:\/\/elplandehiram.org\/?page_id=2142#V-Mtodo-de-Comunicacin\">V. M\u00e9todo de Comunicaci\u00f3n<\/a><\/li><li class=\"header-level-1\"><a href=\"http:\/\/elplandehiram.org\/?page_id=2142#VI-nbspnbspnbspnbsp-Necesidades-especiales\">VI. &nbsp;&nbsp;&nbsp;&nbsp; Necesidades especiales<\/a><\/li><li class=\"header-level-1\"><a href=\"http:\/\/elplandehiram.org\/?page_id=2142#VII-nbspAsistencia-Integridad-Acadmica-y-Mtodos-Alternos\">VII. &nbsp;Asistencia, Integridad Acad\u00e9mica y M\u00e9todos Alternos<\/a><\/li><li class=\"header-level-1\"><a href=\"http:\/\/elplandehiram.org\/?page_id=2142#VIII-Poltica-de-Hostigamiento-Sexual\">VIII. Pol\u00edtica de Hostigamiento Sexual<\/a><\/li><li class=\"header-level-1\"><a href=\"http:\/\/elplandehiram.org\/?page_id=2142#IX-nbspnbspnbspnbsp-Distribucin-de-Materiales-y-Sesiones\">IX. &nbsp;&nbsp;&nbsp;&nbsp; Distribuci\u00f3n de Materiales y Sesiones<\/a><\/li><li class=\"header-level-2\"><a href=\"http:\/\/elplandehiram.org\/?page_id=2142#Sesin-1-Introduccin-Tecnologas-de-Informacin-y-Aspectos-Tericos\">Sesi\u00f3n 1: Introducci\u00f3n: Tecnolog\u00edas de Informaci\u00f3n y Aspectos Te\u00f3ricos  <\/a><\/li><li class=\"header-level-2\"><a href=\"http:\/\/elplandehiram.org\/?page_id=2142#Sesin-2-nbspJurisdiccin-I-Ciberespacio\">Sesi\u00f3n 2: &nbsp;Jurisdicci\u00f3n I: Ciberespacio  <\/a><\/li><li class=\"header-level-2\"><a href=\"http:\/\/elplandehiram.org\/?page_id=2142#Sesin-3-Jurisdiccin-2-Conflictos-Jurisdiccionalesnbsp\">Sesi\u00f3n 3: Jurisdicci\u00f3n 2: Conflictos Jurisdiccionales&nbsp;<\/a><\/li><li class=\"header-level-2\"><a href=\"http:\/\/elplandehiram.org\/?page_id=2142#Sesin-4-Jurisdiccin-3-Jurisdiccin-Civil-y-Criminal\">Sesi\u00f3n 4: Jurisdicci\u00f3n 3: Jurisdicci\u00f3n Civil y Criminal<\/a><\/li><li class=\"header-level-2\"><a href=\"http:\/\/elplandehiram.org\/?page_id=2142#Sesin-5-Libertad-de-Expresin-1-Aspectos-Bsicos\">Sesi\u00f3n 5: Libertad de Expresi\u00f3n 1: Aspectos B\u00e1sicos<\/a><\/li><li class=\"header-level-2\"><a href=\"http:\/\/elplandehiram.org\/?page_id=2142#Sesin-6nbspLibertad-de-Expresin-2-Expresin-Daina\">Sesi\u00f3n 6:&nbsp;Libertad de Expresi\u00f3n 2: Expresi\u00f3n Da\u00f1ina <\/a><\/li><li class=\"header-level-2\"><a href=\"http:\/\/elplandehiram.org\/?page_id=2142#Sesin-7nbspLibertad-de-Expresin-3-Expresin-Daina-continuacin\">Sesi\u00f3n 7:&nbsp;Libertad de Expresi\u00f3n 3: Expresi\u00f3n Da\u00f1ina (continuaci\u00f3n)<\/a><\/li><li class=\"header-level-2\"><a href=\"http:\/\/elplandehiram.org\/?page_id=2142#Sesin-8nbspLibertad-de-Expresin-4-La-seccin-230-del-Communications-Decency-Act\">Sesi\u00f3n 8:&nbsp;Libertad de Expresi\u00f3n 4: La secci\u00f3n 230 del Communications Decency Act<\/a><\/li><li class=\"header-level-2\"><a href=\"http:\/\/elplandehiram.org\/?page_id=2142#Sesin-9-Privacidad-1-Marco-constitucional-La-Cuarta-y-la-Quinta-Enmienda\">Sesi\u00f3n 9: Privacidad 1: Marco constitucional-La Cuarta y la Quinta Enmienda<\/a><\/li><li class=\"header-level-2\"><a href=\"http:\/\/elplandehiram.org\/?page_id=2142#Sesin-10-Privacidad-2-Wiretapping\">Sesi\u00f3n 10: Privacidad 2: Wiretapping<\/a><\/li><li class=\"header-level-2\"><a href=\"http:\/\/elplandehiram.org\/?page_id=2142#Sesin-11-Privacidad-3-Anonimato-y-la-Informacin-Privada-en-el-Entorno-Comercial-Digital\">Sesi\u00f3n 11: Privacidad 3: Anonimato y la Informaci\u00f3n Privada en el Entorno Comercial Digital<\/a><\/li><li class=\"header-level-2\"><a href=\"http:\/\/elplandehiram.org\/?page_id=2142#Sesin-12-Privacidad-4-Informacin-Privada-en-el-Entorno-Comercial-Digital-continuacin\">Sesi\u00f3n 12: Privacidad 4: Informaci\u00f3n Privada en el Entorno Comercial Digital (continuaci\u00f3n)<\/a><\/li><li class=\"header-level-2\"><a href=\"http:\/\/elplandehiram.org\/?page_id=2142#Sesin-13-Acceso-a-Computadoras-1-El-Rgimen-Contractual\">Sesi\u00f3n 13: Acceso a Computadoras 1: El R\u00e9gimen Contractual<\/a><\/li><li class=\"header-level-2\"><a href=\"http:\/\/elplandehiram.org\/?page_id=2142#Sesin-14-Acceso-a-Computadoras-2-Trespass-y-el-Computer-Fraud-and-Abuse-Act\">Sesi\u00f3n 14: Acceso a Computadoras 2:  Trespass y el Computer Fraud and Abuse Act<\/a><\/li><li class=\"header-level-2\"><a href=\"http:\/\/elplandehiram.org\/?page_id=2142#Sesin-15nbspDerecho-de-Marcas-1-Lo-Bsico\">Sesi\u00f3n 15:&nbsp;Derecho de Marcas 1: Lo B\u00e1sico<\/a><\/li><li class=\"header-level-2\"><a href=\"http:\/\/elplandehiram.org\/?page_id=2142#Sesin-16nbspDerecho-de-Marcas-2-Nombres-de-Dominio\">Sesi\u00f3n 16:&nbsp;Derecho de Marcas 2: Nombres de Dominio<\/a><\/li><li class=\"header-level-2\"><a href=\"http:\/\/elplandehiram.org\/?page_id=2142#Sesin-17-Derechos-de-Autor-1-Problemas-de-proteccin-sobre-tecnologa-digital\">Sesi\u00f3n 17: Derechos de Autor 1: Problemas de protecci\u00f3n sobre tecnolog\u00eda digital<\/a><\/li><li class=\"header-level-2\"><a href=\"http:\/\/elplandehiram.org\/?page_id=2142#Sesin-18-Derechos-de-Autor-2-Licenciamiento-en-Internet\">Sesi\u00f3n 18: Derechos de Autor 2: Licenciamiento en Internet<\/a><\/li><li class=\"header-level-2\"><a href=\"http:\/\/elplandehiram.org\/?page_id=2142#Sesin-19-Derechos-de-Autor-3nbspFair-Use-y-Tecnologa-Transformativa\">Sesi\u00f3n 19: Derechos de Autor 3:&nbsp;Fair Use y Tecnolog\u00eda Transformativa<\/a><\/li><li class=\"header-level-2\"><a href=\"http:\/\/elplandehiram.org\/?page_id=2142#Sesin-20-Derechos-de-Autor-4-La-responsabilidad-de-plataformas-digitales-por-actos-de-terceros-y-la-seccin-512\">Sesi\u00f3n 20: Derechos de Autor 4: La responsabilidad de plataformas digitales por actos de terceros y la secci\u00f3n 512 <\/a><\/li><li class=\"header-level-2\"><a href=\"http:\/\/elplandehiram.org\/?page_id=2142#Sesin-21-Derechos-de-Autor-5-Tecnologas-protectoras-de-derechos-de-autor-Digital-Rights-Management\">Sesi\u00f3n 21: Derechos de Autor 5: Tecnolog\u00edas protectoras de derechos de autor (Digital Rights Management)<\/a><\/li><li class=\"header-level-2\"><a href=\"http:\/\/elplandehiram.org\/?page_id=2142#Sesin-22-Plataformas-1-Puntos-de-Control-y-los-Derechos-de-las-Plataformas\">Sesi\u00f3n 22: Plataformas 1: Puntos de Control y los Derechos de las Plataformas<\/a><\/li><li class=\"header-level-2\"><a href=\"http:\/\/elplandehiram.org\/?page_id=2142#Sesin-23-Plataformas-2-Derechos-de-Plataformas-y-los-Mercados-En-Lnea\">Sesi\u00f3n 23: Plataformas 2: Derechos de Plataformas y los Mercados En L\u00ednea<\/a><\/li><li class=\"header-level-2\"><a href=\"http:\/\/elplandehiram.org\/?page_id=2142#Sesin-24-Neutralidad-en-la-Red\">Sesi\u00f3n 24: Neutralidad en la Red <\/a><\/li><li class=\"header-level-2\"><a href=\"http:\/\/elplandehiram.org\/?page_id=2142#Sesin-25-Ms-all-de-la-Internet-1-Propiedad-Virtual\">Sesi\u00f3n 25: M\u00e1s all\u00e1 de la Internet 1: Propiedad Virtual<\/a><\/li><li class=\"header-level-2\"><a href=\"http:\/\/elplandehiram.org\/?page_id=2142#Sesin-26-Ms-all-de-la-Internet-2-Blockchain-y-las-Criptomonedas\">Sesi\u00f3n 26: M\u00e1s all\u00e1 de la Internet 2: Blockchain y las Criptomonedas<\/a><\/li><li class=\"header-level-2\"><a href=\"http:\/\/elplandehiram.org\/?page_id=2142#Sesin-27-Ms-all-de-la-Internet-3-Programacin-Defectuosa\">Sesi\u00f3n 27: M\u00e1s all\u00e1 de la Internet 3: Programaci\u00f3n Defectuosa  <\/a><\/li><li class=\"header-level-2\"><a href=\"http:\/\/elplandehiram.org\/?page_id=2142#Sesin-28-Ms-all-de-la-Internet-4-Problemas-del-Mundo-Fsico\">Sesi\u00f3n 28: M\u00e1s all\u00e1 de la Internet 4: Problemas del Mundo F\u00edsico <\/a><\/li><li class=\"header-level-2\"><a href=\"http:\/\/elplandehiram.org\/?page_id=2142#Sesin-29-Conclusin\">Sesi\u00f3n 29: Conclusi\u00f3n <\/a><\/li><li class=\"header-level-2\"><a href=\"http:\/\/elplandehiram.org\/?page_id=2142#Sesin-30-Repaso\">Sesi\u00f3n 30: Repaso <\/a><\/li><\/ul><\/div>\n\n\n\n<h2 class=\"wp-block-heading\"><strong>I. &nbsp; &nbsp;Descripci\u00f3n del curso<\/strong><\/h2>\n\n\n\n<p>Estudia &nbsp;los &nbsp;problemas &nbsp;legales &nbsp;b\u00e1sicos &nbsp;suscitados tras el surgimiento de tecnolog\u00edas &nbsp;digitales &nbsp;en &nbsp;red &nbsp;tales &nbsp;como la Internet. Examina &nbsp;consideraciones &nbsp;jurisdiccionales, &nbsp;el &nbsp;uso de &nbsp;firmas y contratos electr\u00f3nicos, &nbsp;la &nbsp;violaci\u00f3n &nbsp;de los diferentes &nbsp;derechos &nbsp;de &nbsp;propiedad &nbsp;intelectual en l\u00ednea, la tipificaci\u00f3n &nbsp;de &nbsp;delitos en el entorno digital y la protecci\u00f3n &nbsp;del &nbsp;derecho &nbsp;a &nbsp;la &nbsp;intimidad &nbsp;y &nbsp;el &nbsp;derecho &nbsp;a &nbsp;la &nbsp;libertad &nbsp;de &nbsp;expresi\u00f3n, &nbsp;entre &nbsp;otros. &nbsp;Aborda &nbsp;los &nbsp;debates &nbsp;de &nbsp;pol\u00edtica &nbsp;p\u00fablica y te\u00f3ricos en torno a la relaci\u00f3n entre el derecho y tecnolog\u00edas emergentes.<\/p>\n\n\n\n<h2 class=\"wp-block-heading\">II. Objetivos<\/h2>\n\n\n\n<p>En este curso los y las estudiantes:*<\/p>\n\n\n\n<ul><li>Conocer\u00e1n sobre el derecho positivo, las normas, naturaleza, valores y ordenamiento del derecho relacionado con los cambios tecnol\u00f3gicos contempor\u00e1neos.<\/li><li>Analizar\u00e1n problemas jur\u00eddicos y sistemas complejos en lo referente a diversas \u00e1reas de derecho que se entrecruzan con los avances tecnol\u00f3gicos.<\/li><li>Aprender\u00e1n a proponer soluciones a problemas jur\u00eddicos evaluando cr\u00edticamente la adecuaci\u00f3n de las normas vigentes al mundo contempor\u00e1neo.<\/li><li>Aplicar\u00e1n e integrar\u00e1n conceptos b\u00e1sicos y figuras jur\u00eddicas a interacciones sociales mediadas por nuevas tecnolog\u00edas de informaci\u00f3n. <\/li><\/ul>\n\n\n\n<p>*Objetivos del programa de estudios de la Escuela de Derecho atendidos en este curso: 1.1, 1.2, 1.3, 2.1, 2.3, 2.6. <\/p>\n\n\n\n<h2 class=\"wp-block-heading\">III. &nbsp;Libro y Materiales<\/h2>\n\n\n\n<ul><li>James Grimmelmann, Internet Law: Cases and Problems 9naEd (2019)<\/li><li>James Grimmelmann,<a href=\"http:\/\/internetcasebook.com\/casebook-supplement-2020S.pdf\"> Suplemento 2020, Intenet Law (2020)<\/a><\/li><\/ul>\n\n\n\n<p><strong>AVISO ESPECIAL SOBRE EL LIBRO: &nbsp;<\/strong>El libro se adquiere a trav\u00e9s &nbsp;de la Editorial&nbsp;<a href=\"https:\/\/www.semaphorepress.com\">Semaphore Press<\/a>, como un texto digital bajo un modelo de publicaci\u00f3n distinto al tradicional. &nbsp;El libro tiene un precio sugerido de $30.00. &nbsp;Su profesor recomienda en\u00e9rgicamente que lo adquieran a ese precio y que lean sobre el acercamiento de Semaphore Press a la publicaci\u00f3n de libros jur\u00eddicos a precios razonables. Por ello, es indispensable que lean la informaci\u00f3n en esta p\u00e1gina antes de bajar su libro:&nbsp;<strong><a href=\"https:\/\/www.semaphorepress.com\/students.html\">https:\/\/www.semaphorepress.com\/students.html<\/a><\/strong><\/p>\n\n\n\n<h2 class=\"wp-block-heading\">IV. &nbsp;Evaluaci\u00f3n<\/h2>\n\n\n\n<p>El m\u00e9todo de evaluaci\u00f3n constar\u00e1 de un examen al final del semestre. Para fines de la calificaci\u00f3n final, se tomar\u00e1 en cuenta la asistencia y la participaci\u00f3n informada en clase. Se observar\u00e1n rigurosamente las normas para la otorgaci\u00f3n y remoci\u00f3n de Incompletos (ver&nbsp;<a href=\"http:\/\/derecho.uprrp.edu\/estudiantes\/formularios-y-manuales\/\">Manual de la Escuela de Derecho<\/a>). Los Incompletos son una excepci\u00f3n y como tal se evaluar\u00e1n.<\/p>\n\n\n\n<h2 class=\"wp-block-heading\">V. M\u00e9todo de Comunicaci\u00f3n<\/h2>\n\n\n\n<p>Toda y todo estudiante deber\u00e1 utilizar su cuenta de correo electr\u00f3nico institucional (@upr.edu) (o redirigirla a una cuenta personal). El profesor se comunicar\u00e1 regularmente con el grupo a trav\u00e9s de una plataforma electr\u00f3nica del Recinto que utiliza estas direcciones. Se presumir\u00e1 que toda comunicaci\u00f3n a trav\u00e9s de este sistema es recibida. No habr\u00e1 excepciones a esta regla.<\/p>\n\n\n\n<h2 class=\"wp-block-heading\">VI. &nbsp;&nbsp;&nbsp;&nbsp; Necesidades especiales<\/h2>\n\n\n\n<p>De tener necesidades especiales, no dude en comunicarse conmigo personalmente o por v\u00eda electr\u00f3nica para hacer los ajustes necesarios y lograr el acomodo razonable seg\u00fan las normas y reglamentos de la instituci\u00f3n.<\/p>\n\n\n\n<h2 class=\"wp-block-heading\"><strong>VII. &nbsp;Asistencia<\/strong>, Integridad Acad\u00e9mica y M\u00e9todos Alternos<\/h2>\n\n\n\n<p>La asistencia a clase es obligatoria y se tomar\u00e1 en cuenta en la calificaci\u00f3n final. El profesor pasar\u00e1 lista regularmente. Las ausencias, debidamente justificadas, deben comunicarse al profesor o profesora con anticipaci\u00f3n.<\/p>\n\n\n\n<p>En todo caso, sin excepci\u00f3n, un estudiante que no asista al 80 por ciento de las sesiones programadas para un curso estar\u00e1 impedido de completarlo. Cuando ello ocurra, el profesor informar\u00e1 al estudiante de ese hecho y notificar\u00e1 a la Registradora para que proceda a dar de baja al estudiante. &nbsp;Para determinar el n\u00famero de ausencias se tomar\u00e1 en cuenta el n\u00famero de sesiones durante el semestre.&nbsp;<strong>Debido a que nuestra clase se re\u00fane por 12 sesiones, m\u00e1s de 2 ausencias ser\u00e1 un impedimento a terminar el curso.<\/strong><\/p>\n\n\n\n<p>La pol\u00edtica de integridad acad\u00e9mica de la Escuela de Derecho, seg\u00fan el&nbsp;<a href=\"http:\/\/derecho.uprrp.edu\/wp-content\/uploads\/2018\/08\/MANUAL-DE-LA-ESCUELA-2018-2019-1.pdf\">Manual de la Escuela<\/a>&nbsp;es la siguiente:<\/p>\n\n\n\n<pre class=\"wp-block-verse\">\u201cLa Escuela de Derecho considera una ofensa seria toda forma de deshonestidad o falta de integridad acad\u00e9mica, incluyendo acciones fraudulentas, la obtenci\u00f3n de notas o grados acad\u00e9micos vali\u00e9ndose de falsas o fraudulentas simulaciones, copiar total o parcialmente la labor acad\u00e9mica de otra persona, plagiar total o parcialmente el trabajo de otra persona, copiar total o parcialmente las respuestas de otra persona a las preguntas de un examen, haciendo o consiguiendo que otro tome en su nombre cualquier prueba o examen oral o escrito, as\u00ed como la ayuda o facilitaci\u00f3n para que otra persona incurra en la referida conducta. Todo caso ser\u00e1 investigado y procesado seg\u00fan la reglamentaci\u00f3n aplicable. Los y las estudiantes con dudas sobre el tema, debe informarse oportunamente en la Oficina de Asuntos Estudiantiles\u201d<\/pre>\n\n\n\n<p>Se advierte que, seg\u00fan decida el profesor, es posible que algunas sesiones de esta clase (hasta el 25% de las horas cr\u00e9dito) se realicen utilizando medios alternos de reuni\u00f3n, como video conferencias y otras estrategias.  <\/p>\n\n\n\n<h2 class=\"wp-block-heading\">VIII. Pol\u00edtica de Hostigamiento Sexual<\/h2>\n\n\n\n<p>La Universidad de Puerto Rico proh\u00edbe el discrimen par raz\u00f3n de sexo y g\u00e9nero en todas sus modalidades, incluyendo el hostigamiento sexual. Seg\u00fan la Pol\u00edtica institucional contra el Hostigamiento Sexual en la Universidad de Puerto Rico, Certificaci\u00f3n N\u00fam. 130, 2014-2015 de la Junta de Gobierno, si un estudiante est\u00e1 siendo o fue afectado por conductas relacionadas a hostigamiento sexual, puede acudir ante la Oficina de la Procuradur\u00eda Estudiantil, el Decanato de Estudiantes o la Coordinadora de Cumplimiento con Titulo IX para orientaci\u00f3n y\/o presentar una queja.<\/p>\n\n\n\n<h2 class=\"wp-block-heading\">IX. &nbsp;&nbsp;&nbsp;&nbsp; Distribuci\u00f3n de Materiales y Sesiones<\/h2>\n\n\n\n<h3 class=\"wp-block-heading\">Sesi\u00f3n 1: Introducci\u00f3n: Tecnolog\u00edas de Informaci\u00f3n y Aspectos Te\u00f3ricos  <\/h3>\n\n\n\n<ul><li>Grimmelmann, Partes 1.A y 1.B<\/li><\/ul>\n\n\n\n<h3 class=\"wp-block-heading\">Sesi\u00f3n 2: &nbsp;Jurisdicci\u00f3n I: Ciberespacio  <\/h3>\n\n\n\n<ul><li>Grimmelmann, Parte 2.A<\/li><\/ul>\n\n\n\n<h3 class=\"wp-block-heading\">Sesi\u00f3n 3: Jurisdicci\u00f3n 2: Conflictos Jurisdiccionales&nbsp;<\/h3>\n\n\n\n<ul><li>Grimmelmann,  Parte 2.B <\/li><\/ul>\n\n\n\n<h3 class=\"wp-block-heading\">Sesi\u00f3n 4: Jurisdicci\u00f3n 3: Jurisdicci\u00f3n Civil y Criminal<\/h3>\n\n\n\n<ul><li>Grimmelmann,  Parte 2.C.1, 2.C.2 y 2.C.3.<\/li><\/ul>\n\n\n\n<h3 class=\"wp-block-heading\">Sesi\u00f3n 5: Libertad de Expresi\u00f3n 1: Aspectos B\u00e1sicos<\/h3>\n\n\n\n<ul><li>Grimmelmann,  Partes 3.A. y 3.B<\/li><\/ul>\n\n\n\n<h3 class=\"wp-block-heading\">Sesi\u00f3n 6:&nbsp;Libertad de Expresi\u00f3n 2: Expresi\u00f3n Da\u00f1ina <\/h3>\n\n\n\n<ul><li>Grimmelmann, Partes 3.C.1 a 3.C.5 <strong>(A\u00f1adir Suplemento p\u00e1ginas 3-12)<\/strong><\/li><\/ul>\n\n\n\n<h3 class=\"wp-block-heading\">Sesi\u00f3n 7:&nbsp;Libertad de Expresi\u00f3n 3: Expresi\u00f3n Da\u00f1ina (continuaci\u00f3n)<\/h3>\n\n\n\n<ul><li>Grimmelmann, Partes 3.C.6 a 3.C.9<\/li><\/ul>\n\n\n\n<h3 class=\"wp-block-heading\">Sesi\u00f3n 8:&nbsp;Libertad de Expresi\u00f3n 4: La secci\u00f3n 230 del Communications Decency Act<\/h3>\n\n\n\n<ul><li>Grimmelmann, Parte 3.D<\/li><\/ul>\n\n\n\n<h3 class=\"wp-block-heading\">Sesi\u00f3n 9: Privacidad 1: Marco constitucional-La Cuarta y la Quinta Enmienda<\/h3>\n\n\n\n<ul><li>Grimmelmann, Parte 4.A<\/li><li><a href=\"http:\/\/www.ramajudicial.pr\/ts\/2014\/2014tspr46.pdf\">Weber v ELA, 2014 TSPR 46<\/a><\/li><li><a href=\"https:\/\/noticiasmicrojuris.files.wordpress.com\/2019\/12\/439675947.pdf\">In re Citaci\u00f3n El\u00edas S\u00e1nchez, KLAN201901009<\/a><\/li><\/ul>\n\n\n\n<h3 class=\"wp-block-heading\">Sesi\u00f3n 10: Privacidad 2: Wiretapping<\/h3>\n\n\n\n<ul><li>Grimmelmann, Parte 4.B<\/li><\/ul>\n\n\n\n<h3 class=\"wp-block-heading\">Sesi\u00f3n 11: Privacidad 3: Anonimato y la Informaci\u00f3n Privada en el Entorno Comercial Digital<\/h3>\n\n\n\n<ul><li>Grimmelmann, Parte 4.C y comenzar &#8220;Consumer Privacy&#8221; Parte 4.D hasta <em>In re Google, Inc. Privacy Policy Litigation<\/em>, inclusive<\/li><\/ul>\n\n\n\n<h3 class=\"wp-block-heading\">Sesi\u00f3n 12: Privacidad 4: Informaci\u00f3n Privada en el Entorno Comercial Digital (continuaci\u00f3n)<\/h3>\n\n\n\n<ul><li>Grimmelmann, terminar Parte 4.D y Parte 4.E<\/li><\/ul>\n\n\n\n<h3 class=\"wp-block-heading\">Sesi\u00f3n 13: Acceso a Computadoras 1: El R\u00e9gimen Contractual<\/h3>\n\n\n\n<ul><li>Grimmelmann, Parte 5.A<\/li><\/ul>\n\n\n\n<h3 class=\"wp-block-heading\">Sesi\u00f3n 14: Acceso a Computadoras 2:  Trespass y el Computer Fraud and Abuse Act<\/h3>\n\n\n\n<ul><li>Grimmelmann, Partes 5.B y 5.C  <strong>(A\u00f1adir Suplemento p\u00e1ginas 13-18)<\/strong><\/li><\/ul>\n\n\n\n<h3 class=\"wp-block-heading\">Sesi\u00f3n 15:&nbsp;Derecho de Marcas 1: Lo B\u00e1sico<\/h3>\n\n\n\n<ul><li>Grimmelmann, Parte 6.A<\/li><\/ul>\n\n\n\n<h3 class=\"wp-block-heading\">Sesi\u00f3n 16:&nbsp;Derecho de Marcas 2: Nombres de Dominio<\/h3>\n\n\n\n<ul><li>Grimmelmann, Parte 6.B <\/li><\/ul>\n\n\n\n<h3 class=\"wp-block-heading\">Sesi\u00f3n 17: Derechos de Autor 1: Problemas de protecci\u00f3n sobre tecnolog\u00eda digital<\/h3>\n\n\n\n<ul><li>Grimmelmann, Parte 7.A<\/li><\/ul>\n\n\n\n<h3 class=\"wp-block-heading\">Sesi\u00f3n 18: Derechos de Autor 2: Licenciamiento en Internet<\/h3>\n\n\n\n<ul><li>Grimmelmann, Parte 7.C<\/li><\/ul>\n\n\n\n<h3 class=\"wp-block-heading\">Sesi\u00f3n 19: Derechos de Autor 3:&nbsp;Fair Use y Tecnolog\u00eda Transformativa<\/h3>\n\n\n\n<ul><li>Grimmelmann, Parte 7.D<\/li><\/ul>\n\n\n\n<h3 class=\"wp-block-heading\">Sesi\u00f3n 20: Derechos de Autor 4: La responsabilidad de plataformas digitales por actos de terceros y la secci\u00f3n 512 <\/h3>\n\n\n\n<ul><li>Grimmelmann, Parte 7.F<a href=\"http:\/\/james.grimmelmann.net\/courses\/internet2018S\/Blockchains.pdf\"><\/a><\/li><\/ul>\n\n\n\n<h3 class=\"wp-block-heading\">Sesi\u00f3n 21: Derechos de Autor 5: Tecnolog\u00edas protectoras de derechos de autor (Digital Rights Management)<\/h3>\n\n\n\n<ul><li>Grimmelmann, Parte 7.G<\/li><\/ul>\n\n\n\n<h3 class=\"wp-block-heading\">Sesi\u00f3n 22: Plataformas 1: Puntos de Control y los Derechos de las Plataformas<\/h3>\n\n\n\n<ul><li>Grimmelmann, Parte 9.A y Parte 9.B hasta Zhang v. Baidu, inclusive<a href=\"http:\/\/james.grimmelmann.net\/courses\/internet2018S\/Blockchains.pdf\"><\/a><\/li><\/ul>\n\n\n\n<h3 class=\"wp-block-heading\">Sesi\u00f3n 23: Plataformas 2: Derechos de Plataformas y los Mercados En L\u00ednea<\/h3>\n\n\n\n<ul><li>Grimmelmann, terminar Parte 9.B  y 9.C<a href=\"http:\/\/james.grimmelmann.net\/courses\/internet2018S\/Blockchains.pdf\"><\/a><\/li><\/ul>\n\n\n\n<h3 class=\"wp-block-heading\">Sesi\u00f3n 24: Neutralidad en la Red <\/h3>\n\n\n\n<ul><li>Grimmelmann, Parte 9.E<\/li><\/ul>\n\n\n\n<h3 class=\"wp-block-heading\">Sesi\u00f3n 25: M\u00e1s all\u00e1 de la Internet 1: Propiedad Virtual<\/h3>\n\n\n\n<ul><li>Grimmelmann, Parte 10.A<\/li><\/ul>\n\n\n\n<h3 class=\"wp-block-heading\">Sesi\u00f3n 26: M\u00e1s all\u00e1 de la Internet 2: Blockchain y las Criptomonedas<\/h3>\n\n\n\n<ul><li>Grimmelmann, Parte 10.B<\/li><\/ul>\n\n\n\n<h3 class=\"wp-block-heading\">Sesi\u00f3n 27: M\u00e1s all\u00e1 de la Internet 3: Programaci\u00f3n Defectuosa  <\/h3>\n\n\n\n<ul><li>Grimmelmann, Parte 10.C<\/li><\/ul>\n\n\n\n<h3 class=\"wp-block-heading\">Sesi\u00f3n 28: M\u00e1s all\u00e1 de la Internet 4: Problemas del Mundo F\u00edsico <\/h3>\n\n\n\n<ul><li>Grimmelmann, Parte 10.E<\/li><\/ul>\n\n\n\n<h3 class=\"wp-block-heading\">Sesi\u00f3n 29: Conclusi\u00f3n <\/h3>\n\n\n\n<ul><li>Hiram Mel\u00e9ndez Juarbe, Nota: Vac\u00edos Jur\u00eddicos: Derecho y Tecnolog\u00eda, <a href=\"http:\/\/revistajuridica.uprrp.edu\/wp-content\/uploads\/2018\/06\/07-Nota-Tecnolog%C3%ADa.pdf\">87 Rev. Jur. UPR 1318 (2018)<\/a>.<\/li><\/ul>\n\n\n\n<h3 class=\"wp-block-heading\">Sesi\u00f3n 30: Repaso <\/h3>\n\n\n\n<p><\/p>\n","protected":false},"excerpt":{"rendered":"<p>Sesiones: Lunes y Mi\u00e9rcoles: 6:00pm-7:20,&nbsp;Sal\u00f3n L-4 Horas de Oficina:&nbsp; Lunes: 8:00-12:00pm; 2:30pm-5:30pm Correo Electr\u00f3nico, en este enlace:&nbsp;http:\/\/scr.im\/melendez I. &nbsp; &nbsp;Descripci\u00f3n del curso Estudia &nbsp;los &nbsp;problemas &nbsp;legales &nbsp;b\u00e1sicos &nbsp;suscitados tras el surgimiento de tecnolog\u00edas &nbsp;digitales &nbsp;en &nbsp;red &nbsp;tales &nbsp;como la Internet. Examina &nbsp;consideraciones &nbsp;jurisdiccionales, &nbsp;el &nbsp;uso de &nbsp;firmas y contratos electr\u00f3nicos, &nbsp;la &nbsp;violaci\u00f3n &nbsp;de los diferentes &hellip; <a href=\"http:\/\/elplandehiram.org\/?page_id=2142\" class=\"more-link\">Continue reading <span class=\"screen-reader-text\">Derecho de Internet y Nuevas Tecnolog\u00edas, 2do Sem. 2019-2020<\/span> <span class=\"meta-nav\">&rarr;<\/span><\/a><\/p>\n","protected":false},"author":1,"featured_media":0,"parent":52,"menu_order":0,"comment_status":"closed","ping_status":"closed","template":"","meta":[],"_links":{"self":[{"href":"http:\/\/elplandehiram.org\/index.php?rest_route=\/wp\/v2\/pages\/2142"}],"collection":[{"href":"http:\/\/elplandehiram.org\/index.php?rest_route=\/wp\/v2\/pages"}],"about":[{"href":"http:\/\/elplandehiram.org\/index.php?rest_route=\/wp\/v2\/types\/page"}],"author":[{"embeddable":true,"href":"http:\/\/elplandehiram.org\/index.php?rest_route=\/wp\/v2\/users\/1"}],"replies":[{"embeddable":true,"href":"http:\/\/elplandehiram.org\/index.php?rest_route=%2Fwp%2Fv2%2Fcomments&post=2142"}],"version-history":[{"count":15,"href":"http:\/\/elplandehiram.org\/index.php?rest_route=\/wp\/v2\/pages\/2142\/revisions"}],"predecessor-version":[{"id":2287,"href":"http:\/\/elplandehiram.org\/index.php?rest_route=\/wp\/v2\/pages\/2142\/revisions\/2287"}],"up":[{"embeddable":true,"href":"http:\/\/elplandehiram.org\/index.php?rest_route=\/wp\/v2\/pages\/52"}],"wp:attachment":[{"href":"http:\/\/elplandehiram.org\/index.php?rest_route=%2Fwp%2Fv2%2Fmedia&parent=2142"}],"curies":[{"name":"wp","href":"https:\/\/api.w.org\/{rel}","templated":true}]}}