{"id":1666,"date":"2019-01-02T12:30:54","date_gmt":"2019-01-02T16:30:54","guid":{"rendered":"http:\/\/elplandehiram.org\/?page_id=1666"},"modified":"2019-12-19T06:42:26","modified_gmt":"2019-12-19T10:42:26","slug":"derecho-de-internet-y-nuevas-tecnologias-2do-sem-2018-2019","status":"publish","type":"page","link":"http:\/\/elplandehiram.org\/?page_id=1666","title":{"rendered":"Derecho de Internet y Nuevas Tecnolog\u00edas, 2do Sem. 2018-2019"},"content":{"rendered":"\n<p><strong>Sesiones<\/strong>:<\/p>\n\n\n\n<p>Martes: 10:00am-12:20pm,&nbsp;Sal\u00f3n L-7<\/p>\n\n\n\n<p><strong>Horas de Oficina:&nbsp;<\/strong><\/p>\n\n\n\n<p>Por acuerdo. <\/p>\n\n\n\n<h2 class=\"wp-block-heading\"><strong>I. &nbsp; &nbsp;Descripci\u00f3n del curso<\/strong><\/h2>\n\n\n\n<p>Estudia &nbsp;los &nbsp;problemas &nbsp;legales &nbsp;b\u00e1sicos &nbsp;suscitados tras el surgimiento de tecnolog\u00edas &nbsp;digitales &nbsp;en &nbsp;red &nbsp;tales &nbsp;como la Internet. Examina &nbsp;consideraciones &nbsp;jurisdiccionales, &nbsp;el &nbsp;uso de &nbsp;firmas y contratos electr\u00f3nicos, &nbsp;la &nbsp;violaci\u00f3n &nbsp;de los diferentes &nbsp;derechos &nbsp;de &nbsp;propiedad &nbsp;intelectual en l\u00ednea, la tipificaci\u00f3n &nbsp;de &nbsp;delitos en el entorno digital y la protecci\u00f3n &nbsp;del &nbsp;derecho &nbsp;a &nbsp;la &nbsp;intimidad &nbsp;y &nbsp;el &nbsp;derecho &nbsp;a &nbsp;la &nbsp;libertad &nbsp;de &nbsp;expresi\u00f3n, &nbsp;entre &nbsp;otros. &nbsp;Aborda &nbsp;los &nbsp;debates &nbsp;de &nbsp;pol\u00edtica &nbsp;p\u00fablica y te\u00f3ricos en torno a la relaci\u00f3n entre el derecho y tecnolog\u00edas emergentes.<\/p>\n\n\n\n<h2 class=\"wp-block-heading\">II. Objetivos<\/h2>\n\n\n\n<p>En este curso los y las estudiantes:*<\/p>\n\n\n\n<ul><li>Conocer\u00e1n sobre el derecho positivo, las normas, naturaleza, valores y ordenamiento del derecho relacionado con los cambios tecnol\u00f3gicos contempor\u00e1neos.<\/li><li>Analizar\u00e1n problemas jur\u00eddicos y sistemas complejos en lo referente a diversas \u00e1reas de derecho que se entrecruzan con los avances tecnol\u00f3gicos.<\/li><li>Aprender\u00e1n a proponer soluciones a problemas jur\u00eddicos evaluando cr\u00edticamente la adecuaci\u00f3n de las normas vigentes al mundo contempor\u00e1neo.<\/li><li>Aplicar\u00e1n e integrar\u00e1n conceptos b\u00e1sicos y figuras jur\u00eddicas a interacciones sociales mediadas por nuevas tecnolog\u00edas de informaci\u00f3n. <\/li><\/ul>\n\n\n\n<p>*Objetivos del programa de estudios de la Escuela de Derecho atendidos en este curso: 1.1, 1.2, 1.3, 2.1, 2.3, 2.6. <\/p>\n\n\n\n<h2 class=\"wp-block-heading\">III. &nbsp;Libro y Materiales<\/h2>\n\n\n\n<ul><li>James Grimmelmann, Internet Law: Cases and Problems 8vaEd (2018)<\/li><\/ul>\n\n\n\n<p><strong>AVISO ESPECIAL SOBRE EL LIBRO: &nbsp;<\/strong>El libro se adquiere a trav\u00e9s &nbsp;de la Editorial&nbsp;<a href=\"https:\/\/www.semaphorepress.com\">Semaphore Press<\/a>, como un texto digital bajo un modelo de publicaci\u00f3n distinto al tradicional. &nbsp;El libro tiene un precio sugerido de $30.00. &nbsp;Su profesor recomienda en\u00e9rgicamente que lo adquieran a ese precio y que lean sobre el acercamiento de Semaphore Press a la publicaci\u00f3n de libros jur\u00eddicos a precios razonables. Por ello, es indispensable que lean la informaci\u00f3n en esta p\u00e1gina antes de bajar su libro:&nbsp;<strong><a href=\"https:\/\/www.semaphorepress.com\/students.html\">https:\/\/www.semaphorepress.com\/students.html<\/a><\/strong><\/p>\n\n\n\n<h2 class=\"wp-block-heading\">IV. &nbsp;Evaluaci\u00f3n<\/h2>\n\n\n\n<p>El m\u00e9todo de evaluaci\u00f3n constar\u00e1 de un examen al final del semestre. Para fines de la calificaci\u00f3n final, se tomar\u00e1 en cuenta la asistencia y la participaci\u00f3n informada en clase. Se observar\u00e1n rigurosamente las normas para la otorgaci\u00f3n y remoci\u00f3n de Incompletos (ver&nbsp;<a href=\"http:\/\/derecho.uprrp.edu\/estudiantes\/formularios-y-manuales\/\">Manual de la Escuela de Derecho<\/a>). Los Incompletos son una excepci\u00f3n y como tal se evaluar\u00e1n.<\/p>\n\n\n\n<h2 class=\"wp-block-heading\">V. M\u00e9todo de Comunicaci\u00f3n<\/h2>\n\n\n\n<p>Toda y todo estudiante deber\u00e1 utilizar su cuenta de correo electr\u00f3nico institucional (@upr.edu) (o redirigirla a una cuenta personal). El profesor se comunicar\u00e1 regularmente con el grupo a trav\u00e9s de una plataforma electr\u00f3nica del Recinto que utiliza estas direcciones. Se presumir\u00e1 que toda comunicaci\u00f3n a trav\u00e9s de este sistema es recibida. No habr\u00e1 excepciones a esta regla.<\/p>\n\n\n\n<h2 class=\"wp-block-heading\">VI. &nbsp;&nbsp;&nbsp;&nbsp; Necesidades especiales<\/h2>\n\n\n\n<p>De tener necesidades especiales, no dude en comunicarse conmigo personalmente o por v\u00eda electr\u00f3nica para hacer los ajustes necesarios y lograr el acomodo razonable seg\u00fan las normas y reglamentos de la instituci\u00f3n.<\/p>\n\n\n\n<h2 class=\"wp-block-heading\"><strong>VII. &nbsp;Asistencia&nbsp;<\/strong><\/h2>\n\n\n\n<p>La asistencia a clase es obligatoria y se tomar\u00e1 en cuenta en la calificaci\u00f3n final. El profesor pasar\u00e1 lista regularmente. Las ausencias, debidamente justificadas, deben comunicarse al profesor o profesora con anticipaci\u00f3n.<\/p>\n\n\n\n<p>En todo caso, sin excepci\u00f3n, un estudiante que no asista al 80 por ciento de las sesiones programadas para un curso estar\u00e1 impedido de completarlo. Cuando ello ocurra, el profesor informar\u00e1 al estudiante de ese hecho y notificar\u00e1 a la Registradora para que proceda a dar de baja al estudiante. &nbsp;Para determinar el n\u00famero de ausencias se tomar\u00e1 en cuenta el n\u00famero de sesiones durante el semestre.&nbsp;<strong>Debido a que nuestra clase se re\u00fane por 12 sesiones, m\u00e1s de 2 ausencias ser\u00e1 un impedimento a terminar el curso.<\/strong><\/p>\n\n\n\n<p>Se advierte que, seg\u00fan decida el profesor, es posible que algunas sesiones de esta clase (hasta el 25% de las horas cr\u00e9dito) se realicen utilizando medios alternos de reuni\u00f3n, como video conferencias y otras estrategias.  <\/p>\n\n\n\n<h2 class=\"wp-block-heading\">VIII. Pol\u00edtica de Hostigamiento Sexual<\/h2>\n\n\n\n<p>La Universidad de Puerto Rico proh\u00edbe el discrimen par raz\u00f3n de sexo y g\u00e9nero en todas sus modalidades, incluyendo el hostigamiento sexual. Seg\u00fan la Pol\u00edtica institucional contra el Hostigamiento Sexual en la Universidad de Puerto Rico, Certificaci\u00f3n N\u00fam. 130, 2014-2015 de la Junta de Gobierno, si un estudiante est\u00e1 siendo o fue afectado por conductas relacionadas a hostigamiento sexual, puede acudir ante la Oficina de la Procuradur\u00eda Estudiantil, el Decanato de Estudiantes o la Coordinadora de Cumplimiento con Titulo IX para orientaci\u00f3n y\/o presentar una queja.<\/p>\n\n\n\n<h2 class=\"wp-block-heading\">IX. &nbsp;&nbsp;&nbsp;&nbsp; Distribuci\u00f3n de Materiales y Sesiones<\/h2>\n\n\n\n<h3 class=\"wp-block-heading\">Sesi\u00f3n 1: Introducci\u00f3n  (15 enero)<\/h3>\n\n\n\n<ul><li>Grimmelmann, p\u00e1ginas 17-54<\/li><\/ul>\n\n\n\n<h3 class=\"wp-block-heading\">Sesi\u00f3n 2: &nbsp;Jurisdicci\u00f3n I  (22 enero)<\/h3>\n\n\n\n<ul><li>Grimmelmann, p\u00e1ginas 55-92<\/li><\/ul>\n\n\n\n<h3 class=\"wp-block-heading\">Sesi\u00f3n 3: Jurisdicci\u00f3n 2&nbsp;(29 enero)<\/h3>\n\n\n\n<ul><li>Grimmelmann, p\u00e1ginas 92-121<\/li><\/ul>\n\n\n\n<h3 class=\"wp-block-heading\">Sesi\u00f3n 4: Libertad de Expresi\u00f3n 1 (5 febrero)<\/h3>\n\n\n\n<ul><li>Grimmelmann, p\u00e1ginas 123-166<\/li><\/ul>\n\n\n\n<h3 class=\"wp-block-heading\">Sesi\u00f3n 5:&nbsp;Libertad de Expresi\u00f3n 2 (12 febrero)<\/h3>\n\n\n\n<ul><li>Grimmelmann, p\u00e1ginas 166-206<\/li><\/ul>\n\n\n\n<h3 class=\"wp-block-heading\">Sesi\u00f3n 6:&nbsp;Marcas y Nombres de Dominio&nbsp;(19 febrero)<\/h3>\n\n\n\n<ul><li>Grimmelmann, p\u00e1ginas 343-375<\/li><\/ul>\n\n\n\n<h3 class=\"wp-block-heading\">Sesi\u00f3n 7:&nbsp;Derechos de Autor 1 (26 febrero)<\/h3>\n\n\n\n<ul><li>Grimmelmann, p\u00e1ginas 377-431<\/li><\/ul>\n\n\n\n<h3 class=\"wp-block-heading\">Sesi\u00f3n 8:&nbsp;Derechos de Autor 2&nbsp;(5 marzo)<\/h3>\n\n\n\n<ul><li>Grimmelmann, p\u00e1ginas 431-456<\/li><\/ul>\n\n\n\n<h3 class=\"wp-block-heading\">Sesi\u00f3n 9: Derechos de Autor 3 (12 marzo)<\/h3>\n\n\n\n<ul><li>Grimmelmann, p\u00e1ginas 457-495<\/li><\/ul>\n\n\n\n<h3 class=\"wp-block-heading\">Sesi\u00f3n 10: Privacidad 1 &nbsp;(19 marzo)<\/h3>\n\n\n\n<ul><li>Grimmelmann, p\u00e1ginas 207-254<\/li><li><\/li><\/ul>\n\n\n\n<h3 class=\"wp-block-heading\">Sesi\u00f3n 11: Privacidad 2&nbsp; (26 marzo)<\/h3>\n\n\n\n<ul><li>Grimmelmann, p\u00e1ginas 254-262<\/li><li>La Constituci\u00f3n en Ceros y Unos: Un Acercamiento Digital al Derecho a la Intimidad y la Seguridad P\u00fablica,<a href=\"http:\/\/elplandehiram.org\/documentos\/CerosyUnosRevJur.pdf\">77 Rev. Jur. UPR&nbsp; 45 (2008)\ufeff<\/a><\/li><li><a href=\"http:\/\/elplandehiram.org\/wp-content\/uploads\/2012\/01\/83RevJurUPR-3.pdf\">El Derecho a la Intimidad, Nuevas Tecnolog\u00edas y la Jurisprudencia &nbsp;del Juez Hern\u00e1ndez Denton: Lo P\u00fablico de lo P\u00fablico, 83 Revista Jur\u00eddica UPR 1035 (2014)&nbsp;<\/a><\/li><li><\/li><\/ul>\n\n\n\n<h3 class=\"wp-block-heading\">Sesi\u00f3n 12: Privacidad 3 (2 abril)<\/h3>\n\n\n\n<ul><li>Grimmelmann, p\u00e1ginas 262-299<a href=\"http:\/\/james.grimmelmann.net\/courses\/internet2018S\/Blockchains.pdf\"><\/a><\/li><\/ul>\n\n\n\n<h3 class=\"wp-block-heading\">Sesi\u00f3n 13: Acceso a Computadoras (9 abril)<\/h3>\n\n\n\n<ul><li>Grimmelmann, p\u00e1ginas 301-341<a href=\"http:\/\/james.grimmelmann.net\/courses\/internet2018S\/Blockchains.pdf\"><\/a><\/li><\/ul>\n\n\n\n<h3 class=\"wp-block-heading\">Sesi\u00f3n 14: Plataformas (16 abril)<\/h3>\n\n\n\n<ul><li>Grimmelmann, p\u00e1ginas 513-553; 570-94<a href=\"http:\/\/james.grimmelmann.net\/courses\/internet2018S\/Blockchains.pdf\"><\/a><\/li><\/ul>\n\n\n\n<h3 class=\"wp-block-heading\">Sesi\u00f3n 15: M\u00e1s all\u00e1 de la internet (23 abril)<\/h3>\n\n\n\n<ul><li>Grimmelmann, p\u00e1ginas 595-639<\/li><\/ul>\n","protected":false},"excerpt":{"rendered":"<p>Sesiones: Martes: 10:00am-12:20pm,&nbsp;Sal\u00f3n L-7 Horas de Oficina:&nbsp; Por acuerdo. I. &nbsp; &nbsp;Descripci\u00f3n del curso Estudia &nbsp;los &nbsp;problemas &nbsp;legales &nbsp;b\u00e1sicos &nbsp;suscitados tras el surgimiento de tecnolog\u00edas &nbsp;digitales &nbsp;en &nbsp;red &nbsp;tales &nbsp;como la Internet. Examina &nbsp;consideraciones &nbsp;jurisdiccionales, &nbsp;el &nbsp;uso de &nbsp;firmas y contratos electr\u00f3nicos, &nbsp;la &nbsp;violaci\u00f3n &nbsp;de los diferentes &nbsp;derechos &nbsp;de &nbsp;propiedad &nbsp;intelectual en l\u00ednea, la tipificaci\u00f3n &hellip; <a href=\"http:\/\/elplandehiram.org\/?page_id=1666\" class=\"more-link\">Continue reading <span class=\"screen-reader-text\">Derecho de Internet y Nuevas Tecnolog\u00edas, 2do Sem. 2018-2019<\/span> <span class=\"meta-nav\">&rarr;<\/span><\/a><\/p>\n","protected":false},"author":1,"featured_media":0,"parent":52,"menu_order":0,"comment_status":"closed","ping_status":"closed","template":"","meta":[],"_links":{"self":[{"href":"http:\/\/elplandehiram.org\/index.php?rest_route=\/wp\/v2\/pages\/1666"}],"collection":[{"href":"http:\/\/elplandehiram.org\/index.php?rest_route=\/wp\/v2\/pages"}],"about":[{"href":"http:\/\/elplandehiram.org\/index.php?rest_route=\/wp\/v2\/types\/page"}],"author":[{"embeddable":true,"href":"http:\/\/elplandehiram.org\/index.php?rest_route=\/wp\/v2\/users\/1"}],"replies":[{"embeddable":true,"href":"http:\/\/elplandehiram.org\/index.php?rest_route=%2Fwp%2Fv2%2Fcomments&post=1666"}],"version-history":[{"count":7,"href":"http:\/\/elplandehiram.org\/index.php?rest_route=\/wp\/v2\/pages\/1666\/revisions"}],"predecessor-version":[{"id":2143,"href":"http:\/\/elplandehiram.org\/index.php?rest_route=\/wp\/v2\/pages\/1666\/revisions\/2143"}],"up":[{"embeddable":true,"href":"http:\/\/elplandehiram.org\/index.php?rest_route=\/wp\/v2\/pages\/52"}],"wp:attachment":[{"href":"http:\/\/elplandehiram.org\/index.php?rest_route=%2Fwp%2Fv2%2Fmedia&parent=1666"}],"curies":[{"name":"wp","href":"https:\/\/api.w.org\/{rel}","templated":true}]}}